CRAN Package Check Results for Package ontoFAST

Last updated on 2025-11-23 12:49:56 CET.

Flavor Version Tinstall Tcheck Ttotal Status Flags
r-devel-linux-x86_64-debian-clang 1.0.0 7.42 57.98 65.40 NOTE
r-devel-linux-x86_64-debian-gcc 1.0.0 5.53 42.82 48.35 NOTE
r-devel-linux-x86_64-fedora-clang 1.0.0 16.00 82.70 98.70 OK
r-devel-linux-x86_64-fedora-gcc 1.0.0 17.00 80.27 97.27 OK
r-devel-windows-x86_64 1.0.0 10.00 80.00 90.00 OK
r-patched-linux-x86_64 1.0.0 6.63 53.65 60.28 OK
r-release-linux-x86_64 1.0.0 6.40 54.57 60.97 OK
r-release-macos-arm64 1.0.0 OK
r-release-macos-x86_64 1.0.0 6.00 47.00 53.00 OK
r-release-windows-x86_64 1.0.0 9.00 77.00 86.00 OK
r-oldrel-macos-arm64 1.0.0 OK
r-oldrel-macos-x86_64 1.0.0 5.00 41.00 46.00 OK
r-oldrel-windows-x86_64 1.0.0 12.00 86.00 98.00 OK

Additional issues

donttest

Check Details

Version: 1.0.0
Check: CRAN incoming feasibility
Result: NOTE Maintainer: ‘Sergei Tarasov <sergei.tarasov@helsinki.fi>’ No Authors@R field in DESCRIPTION. Please add one, modifying Authors@R: person(given = "Sergei", family = "Tarasov", role = c("aut", "cre"), email = "sergei.tarasov@helsinki.fi") as necessary. Flavors: r-devel-linux-x86_64-debian-clang, r-devel-linux-x86_64-debian-gcc