Last updated on 2025-11-14 10:50:03 CET.
| Flavor | Version | Tinstall | Tcheck | Ttotal | Status | Flags |
|---|---|---|---|---|---|---|
| r-devel-linux-x86_64-debian-clang | 1.0.2 | 34.48 | 372.99 | 407.47 | OK | |
| r-devel-linux-x86_64-debian-gcc | 1.0.2 | 18.31 | 224.95 | 243.26 | OK | |
| r-devel-linux-x86_64-fedora-clang | 1.0.2 | 64.00 | 592.81 | 656.81 | OK | |
| r-devel-linux-x86_64-fedora-gcc | 1.0.2 | 59.00 | 604.41 | 663.41 | OK | |
| r-devel-windows-x86_64 | 1.0.2 | 40.00 | 346.00 | 386.00 | OK | |
| r-patched-linux-x86_64 | 1.0.2 | 33.31 | 355.53 | 388.84 | OK | |
| r-release-linux-x86_64 | 1.0.2 | 30.72 | 357.21 | 387.93 | OK | |
| r-release-macos-arm64 | 1.0.2 | 13.00 | 141.00 | 154.00 | OK | |
| r-release-macos-x86_64 | 1.0.2 | 17.00 | 284.00 | 301.00 | OK | |
| r-release-windows-x86_64 | 1.0.2 | 41.00 | 338.00 | 379.00 | OK | |
| r-oldrel-macos-arm64 | 1.0.2 | 12.00 | 121.00 | 133.00 | NOTE | |
| r-oldrel-macos-x86_64 | 1.0.2 | 13.00 | 190.00 | 203.00 | NOTE | |
| r-oldrel-windows-x86_64 | 1.0.2 | 48.00 | 438.00 | 486.00 | OK |
Version: 1.0.2
Check: installed package size
Result: NOTE
installed size is 5.6Mb
sub-directories of 1Mb or more:
doc 3.2Mb
libs 1.6Mb
Flavors: r-oldrel-macos-arm64, r-oldrel-macos-x86_64