Last updated on 2025-10-22 09:50:43 CEST.
Flavor | Version | Tinstall | Tcheck | Ttotal | Status | Flags |
---|---|---|---|---|---|---|
r-devel-linux-x86_64-debian-clang | 3.2.2 | 72.13 | 203.15 | 275.28 | NOTE | --no-vignettes |
r-devel-linux-x86_64-debian-gcc | 3.2.2 | 47.79 | 139.33 | 187.12 | NOTE | --no-vignettes |
r-devel-linux-x86_64-fedora-clang | 3.2.2 | 169.00 | 303.77 | 472.77 | OK | |
r-devel-linux-x86_64-fedora-gcc | 3.2.2 | 149.00 | 309.64 | 458.64 | OK | |
r-devel-windows-x86_64 | 3.2.2 | 78.00 | 250.00 | 328.00 | OK | |
r-patched-linux-x86_64 | 3.2.2 | 67.47 | 195.53 | 263.00 | OK | --no-vignettes |
r-release-linux-x86_64 | 3.2.2 | 69.78 | 192.12 | 261.90 | OK | --no-vignettes |
r-release-macos-arm64 | 3.2.2 | 23.00 | 74.00 | 97.00 | OK | |
r-release-macos-x86_64 | 3.2.2 | 48.00 | 153.00 | 201.00 | OK | |
r-release-windows-x86_64 | 3.2.2 | 78.00 | 250.00 | 328.00 | OK | |
r-oldrel-macos-arm64 | 3.2.2 | 29.00 | 62.00 | 91.00 | NOTE | |
r-oldrel-macos-x86_64 | 3.2.2 | 47.00 | 133.00 | 180.00 | OK | |
r-oldrel-windows-x86_64 | 3.2.2 | 96.00 | 317.00 | 413.00 | OK |
Version: 3.2.2
Flags: --no-vignettes
Check: HTML version of manual
Result: NOTE
Found the following HTML validation problems:
acum.html:46:1 (acum.Rd:10): Warning: missing </ul> before </div>
generate_overlapping_batches.html:54:1 (generate_overlapping_batches.Rd:14): Warning: missing </ul> before </div>
load_onemap_sequences.html:46:1 (load_onemap_sequences.Rd:10): Warning: missing </ul> before </div>
map_save_ram.html:95:1 (map_save_ram.Rd:42): Warning: missing </ul> before </div>
save_onemap_sequences.html:54:1 (save_onemap_sequences.Rd:12): Warning: missing </ul> before </div>
Flavors: r-devel-linux-x86_64-debian-clang, r-devel-linux-x86_64-debian-gcc
Version: 3.2.2
Check: installed package size
Result: NOTE
installed size is 5.7Mb
sub-directories of 1Mb or more:
libs 3.8Mb
Flavor: r-oldrel-macos-arm64