Last updated on 2025-11-15 11:50:51 CET.
| Flavor | Version | Tinstall | Tcheck | Ttotal | Status | Flags |
|---|---|---|---|---|---|---|
| r-devel-linux-x86_64-debian-clang | 1.1.0 | 5.55 | 255.57 | 261.12 | NOTE | |
| r-devel-linux-x86_64-debian-gcc | 1.1.0 | 4.34 | 170.17 | 174.51 | NOTE | |
| r-devel-linux-x86_64-fedora-clang | 1.1.0 | 14.00 | 381.97 | 395.97 | OK | |
| r-devel-linux-x86_64-fedora-gcc | 1.1.0 | 12.00 | 387.60 | 399.60 | OK | |
| r-devel-windows-x86_64 | 1.1.0 | 11.00 | 227.00 | 238.00 | OK | |
| r-patched-linux-x86_64 | 1.1.0 | 6.46 | 243.62 | 250.08 | OK | |
| r-release-linux-x86_64 | 1.1.0 | 5.74 | 242.53 | 248.27 | OK | |
| r-release-macos-arm64 | 1.1.0 | 3.00 | 97.00 | 100.00 | OK | |
| r-release-macos-x86_64 | 1.1.0 | 6.00 | 196.00 | 202.00 | OK | |
| r-release-windows-x86_64 | 1.1.0 | 10.00 | 230.00 | 240.00 | OK | |
| r-oldrel-macos-arm64 | 1.1.0 | 3.00 | 103.00 | 106.00 | OK | |
| r-oldrel-macos-x86_64 | 1.1.0 | 6.00 | 303.00 | 309.00 | OK | |
| r-oldrel-windows-x86_64 | 1.1.0 | 12.00 | 292.00 | 304.00 | OK |
Version: 1.1.0
Check: CRAN incoming feasibility
Result: NOTE
Maintainer: ‘Moritz Hennicke <AAoritz@posteo.de>’
The BugReports field in DESCRIPTION has
https://github.com/ropensci/nuts
which should likely be
https://github.com/ropensci/nuts/issues
instead.
Flavors: r-devel-linux-x86_64-debian-clang, r-devel-linux-x86_64-debian-gcc