Last updated on 2025-11-24 09:50:40 CET.
| Flavor | Version | Tinstall | Tcheck | Ttotal | Status | Flags |
|---|---|---|---|---|---|---|
| r-devel-linux-x86_64-debian-clang | 2.1 | 12.18 | 237.35 | 249.53 | NOTE | |
| r-devel-linux-x86_64-debian-gcc | 2.1 | 8.43 | 180.02 | 188.45 | NOTE | |
| r-devel-linux-x86_64-fedora-clang | 2.1 | 24.00 | 322.42 | 346.42 | OK | |
| r-devel-linux-x86_64-fedora-gcc | 2.1 | 26.00 | 338.27 | 364.27 | OK | |
| r-devel-windows-x86_64 | 2.1 | 16.00 | 225.00 | 241.00 | OK | |
| r-patched-linux-x86_64 | 2.1 | 10.90 | 229.21 | 240.11 | OK | |
| r-release-linux-x86_64 | 2.1 | 10.44 | 227.92 | 238.36 | OK | |
| r-release-macos-arm64 | 2.1 | OK | ||||
| r-release-macos-x86_64 | 2.1 | 10.00 | 152.00 | 162.00 | OK | |
| r-release-windows-x86_64 | 2.1 | 14.00 | 231.00 | 245.00 | OK | |
| r-oldrel-macos-arm64 | 2.1 | OK | ||||
| r-oldrel-macos-x86_64 | 2.1 | 7.00 | 145.00 | 152.00 | OK | |
| r-oldrel-windows-x86_64 | 2.1 | 17.00 | 286.00 | 303.00 | OK |
Version: 2.1
Check: CRAN incoming feasibility
Result: NOTE
Maintainer: ‘Robin Ristl <robin.ristl@meduniwien.ac.at>’
Package CITATION file contains call(s) to old-style personList() or
as.personList(). Please use c() on person objects instead.
Package CITATION file contains call(s) to old-style citEntry(). Please
use bibentry() instead.
Flavors: r-devel-linux-x86_64-debian-clang, r-devel-linux-x86_64-debian-gcc