Last updated on 2025-11-25 11:51:56 CET.
| Flavor | Version | Tinstall | Tcheck | Ttotal | Status | Flags |
|---|---|---|---|---|---|---|
| r-devel-linux-x86_64-debian-clang | 1.0.1 | 16.50 | 203.30 | 219.80 | NOTE | |
| r-devel-linux-x86_64-debian-gcc | 1.0.1 | 12.21 | 154.83 | 167.04 | NOTE | |
| r-devel-linux-x86_64-fedora-clang | 1.0.1 | 97.00 | 248.23 | 345.23 | NOTE | |
| r-devel-linux-x86_64-fedora-gcc | 1.0.1 | 36.00 | 302.92 | 338.92 | NOTE | |
| r-devel-windows-x86_64 | 1.0.1 | 24.00 | 194.00 | 218.00 | NOTE | |
| r-patched-linux-x86_64 | 1.0.1 | 15.63 | 187.57 | 203.20 | NOTE | |
| r-release-linux-x86_64 | 1.0.1 | 14.13 | 189.86 | 203.99 | NOTE | |
| r-release-macos-arm64 | 1.0.1 | NOTE | ||||
| r-release-macos-x86_64 | 1.0.1 | 14.00 | 149.00 | 163.00 | NOTE | |
| r-release-windows-x86_64 | 1.0.1 | 20.00 | 195.00 | 215.00 | NOTE | |
| r-oldrel-macos-arm64 | 1.0.1 | NOTE | ||||
| r-oldrel-macos-x86_64 | 1.0.1 | 11.00 | 126.00 | 137.00 | NOTE | |
| r-oldrel-windows-x86_64 | 1.0.1 | 25.00 | 248.00 | 273.00 | NOTE |
Version: 1.0.1
Check: CRAN incoming feasibility
Result: NOTE
Maintainer: ‘David Benkeser <benkeser@emory.edu>’
Found the following URLs which should use \doi (with the DOI name only):
File ‘wine.Rd’:
https://doi.org/10.1016/j.dss.2009.05.016
Flavors: r-devel-linux-x86_64-debian-clang, r-devel-linux-x86_64-debian-gcc
Version: 1.0.1
Check: Rd files
Result: NOTE
checkRd: (-1) dot-make_long_data.Rd:44: Lost braces; missing escapes or markup?
44 | training sample), psi (the value of this observations Psihat(P_{n,B_n}^0)),
| ^
checkRd: (-1) dot-make_long_data_nested_cv.Rd:49: Lost braces; missing escapes or markup?
49 | training sample), psi (the value of this observations Psihat(P_{n,B_n}^0)),
| ^
Flavors: r-devel-linux-x86_64-debian-clang, r-devel-linux-x86_64-debian-gcc, r-devel-linux-x86_64-fedora-clang, r-devel-linux-x86_64-fedora-gcc, r-devel-windows-x86_64, r-patched-linux-x86_64, r-release-linux-x86_64, r-release-macos-arm64, r-release-macos-x86_64, r-release-windows-x86_64, r-oldrel-macos-arm64, r-oldrel-macos-x86_64, r-oldrel-windows-x86_64