CRAN Package Check Results for Package nlMS

Last updated on 2025-11-20 11:51:18 CET.

Flavor Version Tinstall Tcheck Ttotal Status Flags
r-devel-linux-x86_64-debian-clang 1.1 1.14 19.52 20.66 NOTE
r-devel-linux-x86_64-debian-gcc 1.1 1.45 15.83 17.28 NOTE
r-devel-linux-x86_64-fedora-clang 1.1 31.57 OK
r-devel-linux-x86_64-fedora-gcc 1.1 29.63 OK
r-devel-windows-x86_64 1.1 4.00 37.00 41.00 OK
r-patched-linux-x86_64 1.1 1.80 17.96 19.76 OK
r-release-linux-x86_64 1.1 1.84 18.10 19.94 OK
r-release-macos-arm64 1.1 OK
r-release-macos-x86_64 1.1 2.00 22.00 24.00 OK
r-release-windows-x86_64 1.1 3.00 37.00 40.00 OK
r-oldrel-macos-arm64 1.1 OK
r-oldrel-macos-x86_64 1.1 2.00 26.00 28.00 OK
r-oldrel-windows-x86_64 1.1 4.00 41.00 45.00 OK

Check Details

Version: 1.1
Check: CRAN incoming feasibility
Result: NOTE Maintainer: ‘Carme Font <carme.font.moragon@gmail.com>’ No Authors@R field in DESCRIPTION. Please add one, modifying Authors@R: person(given = "Carme", family = "Font", role = c("aut", "cre"), email = "carme.font.moragon@gmail.com") as necessary. Flavors: r-devel-linux-x86_64-debian-clang, r-devel-linux-x86_64-debian-gcc