Last updated on 2025-11-13 09:50:55 CET.
| Flavor | Version | Tinstall | Tcheck | Ttotal | Status | Flags |
|---|---|---|---|---|---|---|
| r-devel-linux-x86_64-debian-clang | 0.3.1 | 35.95 | 60.73 | 96.68 | OK | |
| r-devel-linux-x86_64-debian-gcc | 0.3.1 | 29.38 | 44.88 | 74.26 | OK | |
| r-devel-linux-x86_64-fedora-clang | 0.3.1 | 45.00 | 109.27 | 154.27 | OK | |
| r-devel-linux-x86_64-fedora-gcc | 0.3.1 | 84.00 | 72.37 | 156.37 | OK | |
| r-devel-windows-x86_64 | 0.3.1 | 44.00 | 104.00 | 148.00 | OK | |
| r-patched-linux-x86_64 | 0.3.1 | 36.64 | 56.25 | 92.89 | OK | |
| r-release-linux-x86_64 | 0.3.1 | 36.35 | 55.69 | 92.04 | OK | |
| r-release-macos-arm64 | 0.3.1 | 16.00 | 29.00 | 45.00 | OK | |
| r-release-macos-x86_64 | 0.3.1 | 22.00 | 55.00 | 77.00 | OK | |
| r-release-windows-x86_64 | 0.3.1 | 43.00 | 101.00 | 144.00 | OK | |
| r-oldrel-macos-arm64 | 0.3.1 | 15.00 | 34.00 | 49.00 | NOTE | |
| r-oldrel-macos-x86_64 | 0.3.1 | 23.00 | 59.00 | 82.00 | NOTE | |
| r-oldrel-windows-x86_64 | 0.3.1 | 50.00 | 114.00 | 164.00 | OK |
Version: 0.3.1
Check: installed package size
Result: NOTE
installed size is 7.0Mb
sub-directories of 1Mb or more:
extdata 1.9Mb
libs 4.6Mb
Flavors: r-oldrel-macos-arm64, r-oldrel-macos-x86_64