Last updated on 2025-10-24 09:50:10 CEST.
| Flavor | Version | Tinstall | Tcheck | Ttotal | Status | Flags |
|---|---|---|---|---|---|---|
| r-devel-linux-x86_64-debian-clang | 1.0.0 | 2.81 | 130.21 | 133.02 | OK | |
| r-devel-linux-x86_64-debian-gcc | 1.0.0 | 2.80 | 103.17 | 105.97 | OK | |
| r-devel-linux-x86_64-fedora-clang | 1.0.0 | 196.46 | OK | |||
| r-devel-linux-x86_64-fedora-gcc | 1.0.0 | 246.01 | OK | |||
| r-devel-windows-x86_64 | 1.0.0 | 5.00 | 166.00 | 171.00 | OK | |
| r-patched-linux-x86_64 | 1.0.0 | 3.82 | 121.27 | 125.09 | OK | |
| r-release-linux-x86_64 | 1.0.0 | 3.73 | 121.59 | 125.32 | OK | |
| r-release-macos-arm64 | 1.0.0 | 2.00 | 106.00 | 108.00 | OK | |
| r-release-macos-x86_64 | 1.0.0 | 3.00 | 180.00 | 183.00 | OK | |
| r-release-windows-x86_64 | 1.0.0 | 8.00 | 171.00 | 179.00 | OK | |
| r-oldrel-macos-arm64 | 1.0.0 | 2.00 | 90.00 | 92.00 | NOTE | |
| r-oldrel-macos-x86_64 | 1.0.0 | 3.00 | 164.00 | 167.00 | NOTE | |
| r-oldrel-windows-x86_64 | 1.0.0 | 8.00 | 206.00 | 214.00 | NOTE |
Version: 1.0.0
Check: package dependencies
Result: NOTE
Packages suggested but not available for checking:
'BPST', 'ImageSCC', 'Triangulation'
Flavors: r-oldrel-macos-arm64, r-oldrel-macos-x86_64, r-oldrel-windows-x86_64