Last updated on 2025-11-23 12:49:56 CET.
| Flavor | Version | Tinstall | Tcheck | Ttotal | Status | Flags |
|---|---|---|---|---|---|---|
| r-devel-linux-x86_64-debian-clang | 0.2.1 | 2.78 | 34.67 | 37.45 | NOTE | |
| r-devel-linux-x86_64-debian-gcc | 0.2.1 | 2.41 | 26.74 | 29.15 | NOTE | |
| r-devel-linux-x86_64-fedora-clang | 0.2.1 | 54.99 | NOTE | |||
| r-devel-linux-x86_64-fedora-gcc | 0.2.1 | 52.08 | NOTE | |||
| r-devel-windows-x86_64 | 0.2.1 | 8.00 | 48.00 | 56.00 | NOTE | |
| r-patched-linux-x86_64 | 0.2.1 | 3.51 | 31.56 | 35.07 | NOTE | |
| r-release-linux-x86_64 | 0.2.1 | 3.05 | 31.26 | 34.31 | NOTE | |
| r-release-macos-arm64 | 0.2.1 | NOTE | ||||
| r-release-macos-x86_64 | 0.2.1 | 4.00 | 42.00 | 46.00 | OK | |
| r-release-windows-x86_64 | 0.2.1 | 5.00 | 50.00 | 55.00 | NOTE | |
| r-oldrel-macos-arm64 | 0.2.1 | OK | ||||
| r-oldrel-macos-x86_64 | 0.2.1 | 2.00 | 27.00 | 29.00 | OK | |
| r-oldrel-windows-x86_64 | 0.2.1 | 6.00 | 58.00 | 64.00 | OK |
Version: 0.2.1
Check: DESCRIPTION meta-information
Result: NOTE
Missing dependency on R >= 4.1.0 because package code uses the pipe
|> or function shorthand \(...) syntax added in R 4.1.0.
File(s) using such syntax:
‘activate.Rd’
Flavors: r-devel-linux-x86_64-debian-clang, r-devel-linux-x86_64-debian-gcc, r-devel-linux-x86_64-fedora-clang, r-devel-linux-x86_64-fedora-gcc, r-devel-windows-x86_64, r-patched-linux-x86_64, r-release-linux-x86_64, r-release-macos-arm64, r-release-windows-x86_64