CRAN Package Check Results for Package nFunNN

Last updated on 2025-10-22 09:50:42 CEST.

Flavor Version Tinstall Tcheck Ttotal Status Flags
r-devel-linux-x86_64-debian-clang 1.0 1.40 25.71 27.11 OK
r-devel-linux-x86_64-debian-gcc 1.0 1.41 20.98 22.39 OK
r-devel-linux-x86_64-fedora-clang 1.0 42.59 NOTE
r-devel-linux-x86_64-fedora-gcc 1.0 39.15 NOTE
r-devel-windows-x86_64 1.0 4.00 42.00 46.00 OK
r-patched-linux-x86_64 1.0 1.80 21.35 23.15 OK
r-release-linux-x86_64 1.0 1.78 24.24 26.02 OK
r-release-macos-arm64 1.0 1.00 20.00 21.00 OK
r-release-macos-x86_64 1.0 2.00 23.00 25.00 OK
r-release-windows-x86_64 1.0 3.00 43.00 46.00 OK
r-oldrel-macos-arm64 1.0 1.00 15.00 16.00 OK
r-oldrel-macos-x86_64 1.0 1.00 20.00 21.00 OK
r-oldrel-windows-x86_64 1.0 5.00 48.00 53.00 OK

Check Details

Version: 1.0
Check: dependencies in R code
Result: NOTE Namespace in Imports field not imported from: ‘stats’ All declared Imports should be used. Flavors: r-devel-linux-x86_64-fedora-clang, r-devel-linux-x86_64-fedora-gcc