Last updated on 2025-11-14 10:50:02 CET.
| Flavor | Version | Tinstall | Tcheck | Ttotal | Status | Flags |
|---|---|---|---|---|---|---|
| r-devel-linux-x86_64-debian-clang | 1.7 | 18.01 | 172.92 | 190.93 | NOTE | |
| r-devel-linux-x86_64-debian-gcc | 1.7 | 12.51 | 112.80 | 125.31 | NOTE | |
| r-devel-linux-x86_64-fedora-clang | 1.7 | 40.00 | 250.87 | 290.87 | OK | |
| r-devel-linux-x86_64-fedora-gcc | 1.7 | 39.00 | 237.13 | 276.13 | OK | |
| r-devel-windows-x86_64 | 1.7 | 20.00 | 174.00 | 194.00 | OK | |
| r-patched-linux-x86_64 | 1.7 | 18.05 | 161.48 | 179.53 | OK | |
| r-release-linux-x86_64 | 1.7 | 17.18 | 162.25 | 179.43 | OK | |
| r-release-macos-arm64 | 1.7 | 6.00 | 52.00 | 58.00 | OK | |
| r-release-macos-x86_64 | 1.7 | 14.00 | 109.00 | 123.00 | OK | |
| r-release-windows-x86_64 | 1.7 | 20.00 | 176.00 | 196.00 | OK | |
| r-oldrel-macos-arm64 | 1.7 | 7.00 | 57.00 | 64.00 | OK | |
| r-oldrel-macos-x86_64 | 1.7 | 11.00 | 83.00 | 94.00 | OK | |
| r-oldrel-windows-x86_64 | 1.7 | 27.00 | 232.00 | 259.00 | OK |
Version: 1.7
Check: CRAN incoming feasibility
Result: NOTE
Maintainer: ‘Nelson Lee Afanador <nelson.afanador@gmail.com>’
No Authors@R field in DESCRIPTION.
Please add one, modifying
Authors@R: c(person(given = c("Nelson", "Lee"),
family = "Afanador",
role = c("aut", "cre"),
email = "nelson.afanador@gmail.com"),
person(given = "Thanh",
family = "Tran",
role = "aut"),
person(given = "Lionel",
family = "Blanchet",
role = "aut"),
person(given = "Richard",
family = "Baumgartner",
role = "aut"))
as necessary.
Flavors: r-devel-linux-x86_64-debian-clang, r-devel-linux-x86_64-debian-gcc