Last updated on 2025-10-22 09:50:41 CEST.
Flavor | Version | Tinstall | Tcheck | Ttotal | Status | Flags |
---|---|---|---|---|---|---|
r-devel-linux-x86_64-debian-clang | 0.8.1 | 1745.12 | 480.71 | 2225.83 | NOTE | |
r-devel-linux-x86_64-debian-gcc | 0.8.1 | 1263.50 | 422.07 | 1685.57 | NOTE | |
r-devel-linux-x86_64-fedora-clang | 0.8.1 | 3600.00 | -397.80 | 3202.20 | OK | |
r-devel-linux-x86_64-fedora-gcc | 0.8.1 | 4560.00 | -239.35 | 4320.65 | OK | |
r-devel-windows-x86_64 | 0.8.1 | 1380.00 | 566.00 | 1946.00 | OK | |
r-patched-linux-x86_64 | 0.8.1 | 1805.97 | 579.97 | 2385.94 | OK | |
r-release-linux-x86_64 | 0.8.1 | 1796.73 | 582.60 | 2379.33 | OK | |
r-release-macos-arm64 | 0.8.1 | 398.00 | 94.00 | 492.00 | OK | |
r-release-macos-x86_64 | 0.8.1 | 419.00 | 187.00 | 606.00 | OK | |
r-release-windows-x86_64 | 0.8.1 | 1508.00 | 573.00 | 2081.00 | OK | |
r-oldrel-macos-arm64 | 0.8.1 | 422.00 | 99.00 | 521.00 | NOTE | |
r-oldrel-macos-x86_64 | 0.8.1 | 488.00 | 191.00 | 679.00 | NOTE | |
r-oldrel-windows-x86_64 | 0.8.1 | 1672.00 | 739.00 | 2411.00 | NOTE |
Version: 0.8.1
Check: HTML version of manual
Result: NOTE
Found the following HTML validation problems:
loo.html:56:1 (loo.Rd:18): Warning: missing </ul> before </div>
Flavors: r-devel-linux-x86_64-debian-clang, r-devel-linux-x86_64-debian-gcc
Version: 0.8.1
Check: installed package size
Result: NOTE
installed size is 285.2Mb
sub-directories of 1Mb or more:
R 2.0Mb
doc 4.6Mb
libs 277.8Mb
Flavors: r-oldrel-macos-arm64, r-oldrel-macos-x86_64, r-oldrel-windows-x86_64
Version: 0.8.1
Check: for GNU extensions in Makefiles
Result: NOTE
GNU make is a SystemRequirements.
Flavors: r-oldrel-macos-arm64, r-oldrel-macos-x86_64, r-oldrel-windows-x86_64