Last updated on 2025-11-23 12:49:55 CET.
| Flavor | Version | Tinstall | Tcheck | Ttotal | Status | Flags |
|---|---|---|---|---|---|---|
| r-devel-linux-x86_64-debian-clang | 1.3.3 | 36.73 | 271.85 | 308.58 | OK | |
| r-devel-linux-x86_64-debian-gcc | 1.3.3 | 30.00 | 194.01 | 224.01 | OK | |
| r-devel-linux-x86_64-fedora-clang | 1.3.3 | 177.00 | 322.21 | 499.21 | OK | |
| r-devel-linux-x86_64-fedora-gcc | 1.3.3 | 182.00 | 305.21 | 487.21 | OK | |
| r-devel-windows-x86_64 | 1.3.3 | 34.00 | 277.00 | 311.00 | OK | |
| r-patched-linux-x86_64 | 1.3.3 | 37.92 | 258.62 | 296.54 | OK | |
| r-release-linux-x86_64 | 1.3.3 | 38.67 | 261.07 | 299.74 | OK | |
| r-release-macos-arm64 | 1.3.3 | OK | ||||
| r-release-macos-x86_64 | 1.3.3 | 31.00 | 233.00 | 264.00 | OK | |
| r-release-windows-x86_64 | 1.3.3 | 35.00 | 240.00 | 275.00 | OK | |
| r-oldrel-macos-arm64 | 1.3.3 | NOTE | ||||
| r-oldrel-macos-x86_64 | 1.3.3 | 32.00 | 268.00 | 300.00 | NOTE | |
| r-oldrel-windows-x86_64 | 1.3.3 | 45.00 | 315.00 | 360.00 | NOTE |
Version: 1.3.3
Check: package dependencies
Result: NOTE
Package suggested but not available for checking: ‘cmdstanr’
Flavors: r-oldrel-macos-arm64, r-oldrel-macos-x86_64, r-oldrel-windows-x86_64
Version: 1.3.3
Check: installed package size
Result: NOTE
installed size is 8.1Mb
sub-directories of 1Mb or more:
doc 6.4Mb
Flavors: r-oldrel-macos-arm64, r-oldrel-macos-x86_64, r-oldrel-windows-x86_64