Last updated on 2025-10-24 09:50:09 CEST.
| Flavor | Version | Tinstall | Tcheck | Ttotal | Status | Flags |
|---|---|---|---|---|---|---|
| r-devel-linux-x86_64-debian-clang | 0.1.1 | 1.44 | 23.50 | 24.94 | OK | |
| r-devel-linux-x86_64-debian-gcc | 0.1.1 | 1.39 | 19.35 | 20.74 | OK | |
| r-devel-linux-x86_64-fedora-clang | 0.1.1 | 38.17 | OK | |||
| r-devel-linux-x86_64-fedora-gcc | 0.1.1 | 50.22 | OK | |||
| r-devel-windows-x86_64 | 0.1.1 | 2.00 | 48.00 | 50.00 | OK | |
| r-patched-linux-x86_64 | 0.1.1 | 1.58 | 22.50 | 24.08 | OK | |
| r-release-linux-x86_64 | 0.1.1 | 1.55 | 22.46 | 24.01 | OK | |
| r-release-macos-arm64 | 0.1.1 | 1.00 | 25.00 | 26.00 | OK | |
| r-release-macos-x86_64 | 0.1.1 | 2.00 | 57.00 | 59.00 | OK | |
| r-release-windows-x86_64 | 0.1.1 | 3.00 | 48.00 | 51.00 | OK | |
| r-oldrel-macos-arm64 | 0.1.1 | 1.00 | 20.00 | 21.00 | NOTE | |
| r-oldrel-macos-x86_64 | 0.1.1 | 1.00 | 35.00 | 36.00 | NOTE | |
| r-oldrel-windows-x86_64 | 0.1.1 | 4.00 | 53.00 | 57.00 | NOTE |
Version: 0.1.1
Check: LazyData
Result: NOTE
'LazyData' is specified without a 'data' directory
Flavors: r-oldrel-macos-arm64, r-oldrel-macos-x86_64, r-oldrel-windows-x86_64