Last updated on 2025-11-14 10:50:02 CET.
| Flavor | Version | Tinstall | Tcheck | Ttotal | Status | Flags |
|---|---|---|---|---|---|---|
| r-devel-linux-x86_64-debian-clang | 1.0.0 | 1.78 | 28.58 | 30.36 | NOTE | |
| r-devel-linux-x86_64-debian-gcc | 1.0.0 | 1.32 | 22.56 | 23.88 | NOTE | |
| r-devel-linux-x86_64-fedora-clang | 1.0.0 | 43.45 | NOTE | |||
| r-devel-linux-x86_64-fedora-gcc | 1.0.0 | 41.40 | NOTE | |||
| r-devel-windows-x86_64 | 1.0.0 | 3.00 | 44.00 | 47.00 | NOTE | |
| r-patched-linux-x86_64 | 1.0.0 | 1.71 | 25.73 | 27.44 | NOTE | |
| r-release-linux-x86_64 | 1.0.0 | 1.40 | 25.94 | 27.34 | NOTE | |
| r-release-macos-arm64 | 1.0.0 | 1.00 | 17.00 | 18.00 | NOTE | |
| r-release-macos-x86_64 | 1.0.0 | 2.00 | 26.00 | 28.00 | NOTE | |
| r-release-windows-x86_64 | 1.0.0 | 4.00 | 43.00 | 47.00 | NOTE | |
| r-oldrel-macos-arm64 | 1.0.0 | 1.00 | 15.00 | 16.00 | OK | |
| r-oldrel-macos-x86_64 | 1.0.0 | 1.00 | 24.00 | 25.00 | OK | |
| r-oldrel-windows-x86_64 | 1.0.0 | 4.00 | 52.00 | 56.00 | OK |
Version: 1.0.0
Check: DESCRIPTION meta-information
Result: NOTE
Missing dependency on R >= 4.1.0 because package code uses the pipe
|> or function shorthand \(...) syntax added in R 4.1.0.
File(s) using such syntax:
‘combine.R’
Flavors: r-devel-linux-x86_64-debian-clang, r-devel-linux-x86_64-debian-gcc, r-devel-linux-x86_64-fedora-clang, r-devel-linux-x86_64-fedora-gcc, r-devel-windows-x86_64, r-patched-linux-x86_64, r-release-linux-x86_64, r-release-macos-arm64, r-release-macos-x86_64, r-release-windows-x86_64
Version: 1.0.0
Check: Rd cross-references
Result: NOTE
Found the following Rd file(s) with Rd \link{} targets missing package
anchors:
stack_coeff.Rd: tibble
stack_metrics.Rd: tibble
Please provide package anchors for all Rd \link{} targets not in the
package itself and the base packages.
Flavors: r-devel-linux-x86_64-debian-clang, r-devel-linux-x86_64-debian-gcc, r-devel-windows-x86_64, r-patched-linux-x86_64, r-release-linux-x86_64, r-release-windows-x86_64
Version: 1.0.0
Check: dependencies in R code
Result: NOTE
Namespace in Imports field not imported from: ‘MASS’
All declared Imports should be used.
Flavors: r-devel-linux-x86_64-fedora-clang, r-devel-linux-x86_64-fedora-gcc