Last updated on 2025-10-28 10:51:00 CET.
| Flavor | Version | Tinstall | Tcheck | Ttotal | Status | Flags | 
|---|---|---|---|---|---|---|
| r-devel-linux-x86_64-debian-clang | 0.6 | 3.32 | 24.76 | 28.08 | NOTE | |
| r-devel-linux-x86_64-debian-gcc | 0.6 | 2.05 | 19.28 | 21.33 | NOTE | |
| r-devel-linux-x86_64-fedora-clang | 0.6 | 41.48 | NOTE | |||
| r-devel-linux-x86_64-fedora-gcc | 0.6 | 38.85 | NOTE | |||
| r-devel-windows-x86_64 | 0.6 | 3.00 | 40.00 | 43.00 | NOTE | |
| r-patched-linux-x86_64 | 0.6 | 2.96 | 23.93 | 26.89 | NOTE | |
| r-release-linux-x86_64 | 0.6 | 2.66 | 23.39 | 26.05 | NOTE | |
| r-release-macos-arm64 | 0.6 | 1.00 | 16.00 | 17.00 | NOTE | |
| r-release-macos-x86_64 | 0.6 | 3.00 | 24.00 | 27.00 | NOTE | |
| r-release-windows-x86_64 | 0.6 | 4.00 | 43.00 | 47.00 | NOTE | |
| r-oldrel-macos-arm64 | 0.6 | 1.00 | 14.00 | 15.00 | NOTE | |
| r-oldrel-macos-x86_64 | 0.6 | 3.00 | 21.00 | 24.00 | NOTE | |
| r-oldrel-windows-x86_64 | 0.6 | 4.00 | 41.00 | 45.00 | NOTE | 
Version: 0.6
Check: CRAN incoming feasibility
Result: NOTE
  Maintainer: ‘Hideitsu Hino <hinohide@cs.tsukuba.ac.jp>’
  
  No Authors@R field in DESCRIPTION.
  Please add one, modifying
    Authors@R: c(person(given = "Hideitsu",
                        family = "Hino",
                        role = c("aut", "cre"),
                        email = "hinohide@cs.tsukuba.ac.jp"),
                 person(given = "Ken",
                        family = "Takano",
                        role = "aut"),
                 person(given = "Yuki",
                        family = "Yoshikawa",
                        role = "aut"),
                 person(given = "Noboru",
                        family = "Murata",
                        role = "aut"))
  as necessary.
Flavors: r-devel-linux-x86_64-debian-clang, r-devel-linux-x86_64-debian-gcc
Version: 0.6
Check: Rd files
Result: NOTE
  checkRd: (-1) k2d.Rd:26: Lost braces
      26 | d_ND(x,y) = sqrt{ k(x,x) - 2k(x,y) + k(y,y)}.
         |                 ^
  checkRd: (-1) k2d.Rd:34: Lost braces
      34 | d_n(x,y) = 1 - k(x,y)/sqrt{ k(x,x)k(y,y)},
         |                           ^
Flavors: r-devel-linux-x86_64-debian-clang, r-devel-linux-x86_64-debian-gcc, r-devel-linux-x86_64-fedora-clang, r-devel-linux-x86_64-fedora-gcc, r-devel-windows-x86_64, r-patched-linux-x86_64, r-release-linux-x86_64, r-release-macos-arm64, r-release-macos-x86_64, r-release-windows-x86_64, r-oldrel-macos-arm64, r-oldrel-macos-x86_64, r-oldrel-windows-x86_64