Last updated on 2025-10-21 09:48:38 CEST.
Flavor | Version | Tinstall | Tcheck | Ttotal | Status | Flags |
---|---|---|---|---|---|---|
r-devel-linux-x86_64-debian-clang | 0.2.0 | 6.30 | 233.44 | 239.74 | OK | |
r-devel-linux-x86_64-debian-gcc | 0.2.0 | 4.61 | 157.76 | 162.37 | NOTE | |
r-devel-linux-x86_64-fedora-clang | 0.2.0 | 360.52 | OK | |||
r-devel-linux-x86_64-fedora-gcc | 0.2.0 | 316.05 | OK | |||
r-devel-windows-x86_64 | 0.2.0 | 7.00 | 209.00 | 216.00 | OK | |
r-patched-linux-x86_64 | 0.2.0 | 6.29 | 206.62 | 212.91 | OK | |
r-release-linux-x86_64 | 0.2.0 | 6.04 | 204.88 | 210.92 | OK | |
r-release-macos-arm64 | 0.2.0 | 94.00 | OK | |||
r-release-macos-x86_64 | 0.2.0 | 185.00 | OK | |||
r-release-windows-x86_64 | 0.2.0 | 8.00 | 212.00 | 220.00 | OK | |
r-oldrel-macos-arm64 | 0.2.0 | 95.00 | OK | |||
r-oldrel-macos-x86_64 | 0.2.0 | 176.00 | OK | |||
r-oldrel-windows-x86_64 | 0.2.0 | 10.00 | 272.00 | 282.00 | OK |
Version: 0.2.0
Check: HTML version of manual
Result: NOTE
Found the following HTML validation problems:
mlr_measures_abstract_ci.html:253:1 (mlr_measures_abstract_ci.Rd:162): Warning: missing </ul> before </div>
mlr_measures_abstract_ci.html:193:1 (mlr_measures_abstract_ci.Rd:130): Warning: <h5> anchor "Usage" already defined
mlr_measures_abstract_ci.html:199:1 (mlr_measures_abstract_ci.Rd:134): Warning: <h5> anchor "Arguments" already defined
mlr_measures_abstract_ci.html:230:1 (mlr_measures_abstract_ci.Rd:151): Warning: <h5> anchor "Usage" already defined
mlr_measures_abstract_ci.html:236:1 (mlr_measures_abstract_ci.Rd:155): Warning: <h5> anchor "Arguments" already defined
mlr_measures_ci.html:112:1 (mlr_measures_ci.Rd:68): Warning: <h5> anchor "Usage" already defined
mlr_measures_ci.html:118:1 (mlr_measures_ci.Rd:72): Warning: <h5> anchor "Arguments" already defined
mlr_measures_ci.html:149:1 (mlr_measures_ci.Rd:89): Warning: <h5> anchor "Usage" already defined
mlr_measures_ci.html:155:1 (mlr_measures_ci.Rd:93): Warning: <h5> anchor "Arguments" already defined
mlr_measures_ci.con_z.html:117:1 (mlr_measures_ci.con_z.Rd:77): Warning: <h5> anchor "Usage" already defined
mlr_measures_ci.con_z.html:123:1 (mlr_measures_ci.con_z.Rd:81): Warning: <h5> anchor "Arguments" already defined
mlr_measures_ci.cor_t.html:110:1 (mlr_measures_ci.cor_t.Rd:77): Warning: <h5> anchor "Usage" already defined
mlr_measures_ci.cor_t.html:116:1 (mlr_measures_ci.cor_t.Rd:81): Warning: <h5> anchor "Arguments" already defined
mlr_measures_ci.holdout.html:108:1 (mlr_measures_ci.holdout.Rd:66): Warning: <h5> anchor "Usage" already defined
mlr_measures_ci.holdout.html:114:1 (mlr_measures_ci.holdout.Rd:70): Warning: <h5> anchor "Arguments" already defined
mlr_measures_ci.ncv.html:126:1 (mlr_measures_ci.ncv.Rd:83): Warning: <h5> anchor "Usage" already defined
mlr_measures_ci.ncv.html:132:1 (mlr_measures_ci.ncv.Rd:87): Warning: <h5> anchor "Arguments" already defined
mlr_measures_ci.wald_cv.html:117:1 (mlr_measures_ci.wald_cv.Rd:77): Warning: <h5> anchor "Usage" already defined
mlr_measures_ci.wald_cv.html:123:1 (mlr_measures_ci.wald_cv.Rd:81): Warning: <h5> anchor "Arguments" already defined
mlr_resamplings_ncv.html:128:1 (mlr_resamplings_ncv.Rd:84): Warning: <h5> anchor "Usage" already defined
mlr_resamplings_ncv.html:165:1 (mlr_resamplings_ncv.Rd:105): Warning: <h5> anchor "Usage" already defined
mlr_resamplings_ncv.html:171:1 (mlr_resamplings_ncv.Rd:109): Warning: <h5> anchor "Arguments" already defined
mlr_resamplings_paired_subsampling.html:156:1 (mlr_resamplings_paired_subsampling.Rd:99): Warning: <h5> anchor "Usage" already defined
mlr_resamplings_paired_subsampling.html:193:1 (mlr_resamplings_paired_subsampling.Rd:120): Warning: <h5> anchor "Usage" already defined
mlr_resamplings_paired_subsampling.html:199:1 (mlr_resamplings_paired_subsampling.Rd:124): Warning: <h5> anchor "Arguments" already defined
Flavor: r-devel-linux-x86_64-debian-gcc