CRAN Package Check Results for Package micd

Last updated on 2025-11-01 10:49:44 CET.

Flavor Version Tinstall Tcheck Ttotal Status Flags
r-devel-linux-x86_64-debian-clang 1.1.2 16.49 177.75 194.24 OK
r-devel-linux-x86_64-debian-gcc 1.1.2 12.06 123.78 135.84 OK
r-devel-linux-x86_64-fedora-clang 1.1.2 35.00 261.56 296.56 OK
r-devel-linux-x86_64-fedora-gcc 1.1.2 143.00 171.54 314.54 OK
r-devel-windows-x86_64 1.1.1 16.00 166.00 182.00 NOTE
r-patched-linux-x86_64 1.1.2 17.33 163.76 181.09 OK
r-release-linux-x86_64 1.1.2 15.36 166.27 181.63 OK
r-release-macos-arm64 1.1.2 7.00 68.00 75.00 OK
r-release-macos-x86_64 1.1.2 29.00 250.00 279.00 OK
r-release-windows-x86_64 1.1.2 17.00 167.00 184.00 OK
r-oldrel-macos-arm64 1.1.2 8.00 78.00 86.00 OK
r-oldrel-macos-x86_64 1.1.2 27.00 267.00 294.00 OK
r-oldrel-windows-x86_64 1.1.2 26.00 215.00 241.00 OK

Additional issues

noSuggests

Check Details

Version: 1.1.1
Check: Rd cross-references
Result: NOTE Found the following Rd file(s) with Rd \link{} targets missing package anchors: flexCItest.Rd: gaussCItest, disCItest getSuff.Rd: gaussCItest, disCItest Please provide package anchors for all Rd \link{} targets not in the package itself and the base packages. Flavor: r-devel-windows-x86_64