Last updated on 2025-11-12 10:52:49 CET.
| Flavor | Version | Tinstall | Tcheck | Ttotal | Status | Flags |
|---|---|---|---|---|---|---|
| r-devel-linux-x86_64-debian-clang | 1.0.0 | 4.11 | 51.03 | 55.14 | NOTE | |
| r-devel-linux-x86_64-debian-gcc | 1.0.0 | 4.54 | 39.13 | 43.67 | NOTE | |
| r-devel-linux-x86_64-fedora-clang | 1.0.0 | 14.00 | 74.35 | 88.35 | OK | |
| r-devel-linux-x86_64-fedora-gcc | 1.0.0 | 12.00 | 70.29 | 82.29 | OK | |
| r-devel-windows-x86_64 | 1.0.0 | 7.00 | 59.00 | 66.00 | OK | |
| r-patched-linux-x86_64 | 1.0.0 | 4.97 | 48.29 | 53.26 | OK | |
| r-release-linux-x86_64 | 1.0.0 | 6.43 | 48.48 | 54.91 | OK | |
| r-release-macos-arm64 | 1.0.0 | 3.00 | 25.00 | 28.00 | OK | |
| r-release-macos-x86_64 | 1.0.0 | 5.00 | 43.00 | 48.00 | OK | |
| r-release-windows-x86_64 | 1.0.0 | 7.00 | 60.00 | 67.00 | OK | |
| r-oldrel-macos-arm64 | 1.0.0 | 3.00 | 24.00 | 27.00 | NOTE | |
| r-oldrel-macos-x86_64 | 1.0.0 | 7.00 | 59.00 | 66.00 | NOTE | |
| r-oldrel-windows-x86_64 | 1.0.0 | 10.00 | 73.00 | 83.00 | NOTE |
Version: 1.0.0
Check: CRAN incoming feasibility
Result: NOTE
Maintainer: ‘Xin Yang <xyang.krystal@gmail.com>’
The Description field contains
Luo et al. (2016) <arXiv:1505.05687>, sample standard deviation
estimators by Wan et al. (2014) <arXiv:1407.8038>, and the best linear
Please refer to arXiv e-prints via their arXiv DOI <doi:10.48550/arXiv.YYMM.NNNNN>.
Flavors: r-devel-linux-x86_64-debian-clang, r-devel-linux-x86_64-debian-gcc
Version: 1.0.0
Check: LazyData
Result: NOTE
'LazyData' is specified without a 'data' directory
Flavors: r-oldrel-macos-arm64, r-oldrel-macos-x86_64, r-oldrel-windows-x86_64