CRAN Package Check Results for Package md

Last updated on 2025-10-22 09:50:39 CEST.

Flavor Version Tinstall Tcheck Ttotal Status Flags
r-devel-linux-x86_64-debian-clang 1.0.4 1.58 19.39 20.97 NOTE
r-devel-linux-x86_64-debian-gcc 1.0.4 1.37 16.05 17.42 NOTE
r-devel-linux-x86_64-fedora-clang 1.0.4 31.90 OK
r-devel-linux-x86_64-fedora-gcc 1.0.4 29.49 OK
r-devel-windows-x86_64 1.0.4 3.00 35.00 38.00 OK
r-patched-linux-x86_64 1.0.4 1.91 18.41 20.32 OK
r-release-linux-x86_64 1.0.4 1.49 18.34 19.83 OK
r-release-macos-arm64 1.0.4 1.00 13.00 14.00 OK
r-release-macos-x86_64 1.0.4 2.00 20.00 22.00 OK
r-release-windows-x86_64 1.0.4 2.00 40.00 42.00 OK
r-oldrel-macos-arm64 1.0.4 1.00 11.00 12.00 NOTE
r-oldrel-macos-x86_64 1.0.4 1.00 19.00 20.00 NOTE
r-oldrel-windows-x86_64 1.0.4 2.00 35.00 37.00 NOTE

Check Details

Version: 1.0.4
Check: CRAN incoming feasibility
Result: NOTE Maintainer: ‘Genzo Kaga <genzo.k-1321@ruri.waseda.jp>’ No Authors@R field in DESCRIPTION. Please add one, modifying Authors@R: person(given = "Genzo", family = "Kaga", role = c("aut", "cre"), email = "genzo.k-1321@ruri.waseda.jp") as necessary. Flavors: r-devel-linux-x86_64-debian-clang, r-devel-linux-x86_64-debian-gcc

Version: 1.0.4
Check: LazyData
Result: NOTE 'LazyData' is specified without a 'data' directory Flavors: r-oldrel-macos-arm64, r-oldrel-macos-x86_64, r-oldrel-windows-x86_64