Last updated on 2025-11-20 11:51:16 CET.
| Flavor | Version | Tinstall | Tcheck | Ttotal | Status | Flags |
|---|---|---|---|---|---|---|
| r-devel-linux-x86_64-debian-clang | 1.2.8 | 32.60 | 196.47 | 229.07 | NOTE | |
| r-devel-linux-x86_64-debian-gcc | 1.2.8 | 21.87 | 136.09 | 157.96 | NOTE | |
| r-devel-linux-x86_64-fedora-clang | 1.2.8 | 77.00 | 286.76 | 363.76 | OK | |
| r-devel-linux-x86_64-fedora-gcc | 1.2.8 | 63.00 | 289.66 | 352.66 | OK | |
| r-devel-windows-x86_64 | 1.2.8 | 56.00 | 217.00 | 273.00 | OK | |
| r-patched-linux-x86_64 | 1.2.8 | 29.02 | 181.31 | 210.33 | OK | |
| r-release-linux-x86_64 | 1.2.8 | 28.21 | 182.56 | 210.77 | OK | |
| r-release-macos-arm64 | 1.2.8 | OK | ||||
| r-release-macos-x86_64 | 1.2.8 | 24.00 | 185.00 | 209.00 | OK | |
| r-release-windows-x86_64 | 1.2.8 | 44.00 | 219.00 | 263.00 | OK | |
| r-oldrel-macos-arm64 | 1.2.8 | OK | ||||
| r-oldrel-macos-x86_64 | 1.2.8 | 20.00 | 127.00 | 147.00 | OK | |
| r-oldrel-windows-x86_64 | 1.2.8 | 51.00 | 279.00 | 330.00 | OK |
Version: 1.2.8
Check: CRAN incoming feasibility
Result: NOTE
Maintainer: ‘Jeff Laake <jefflaake@gmail.com>’
No Authors@R field in DESCRIPTION.
Please add one, modifying
Authors@R: c(person(given = "Jeff",
family = "Laake",
role = c("aut", "cre"),
email = "jefflaake@gmail.com"),
person(given = "Devin",
family = "Johnson",
role = "aut",
email = "devin.johnson@noaa.gov"),
person(given = "Paul",
family = "Conn",
role = "aut",
email = "paul.conn@noaa.gov"),
person(given = c("example", "for", "simHMM", "from", "Jay"),
family = "Rotella",
role = "aut"))
as necessary.
Flavors: r-devel-linux-x86_64-debian-clang, r-devel-linux-x86_64-debian-gcc