Last updated on 2025-10-21 09:48:37 CEST.
Flavor | Version | Tinstall | Tcheck | Ttotal | Status | Flags |
---|---|---|---|---|---|---|
r-devel-linux-x86_64-debian-clang | 1.0.0 | 61.22 | 91.89 | 153.11 | OK | |
r-devel-linux-x86_64-debian-gcc | 1.0.0 | 46.22 | 70.20 | 116.42 | NOTE | |
r-devel-linux-x86_64-fedora-clang | 1.0.0 | 261.39 | OK | |||
r-devel-linux-x86_64-fedora-gcc | 1.0.0 | 263.05 | OK | |||
r-devel-windows-x86_64 | 1.0.0 | 74.00 | 125.00 | 199.00 | OK | |
r-patched-linux-x86_64 | 1.0.0 | 71.49 | 85.25 | 156.74 | OK | |
r-release-linux-x86_64 | 1.0.0 | 70.65 | 85.93 | 156.58 | OK | |
r-release-macos-arm64 | 1.0.0 | 94.00 | OK | |||
r-release-macos-x86_64 | 1.0.0 | 124.00 | OK | |||
r-release-windows-x86_64 | 1.0.0 | 74.00 | 126.00 | 200.00 | OK | |
r-oldrel-macos-arm64 | 1.0.0 | 68.00 | NOTE | |||
r-oldrel-macos-x86_64 | 1.0.0 | 92.00 | NOTE | |||
r-oldrel-windows-x86_64 | 1.0.0 | 91.00 | 155.00 | 246.00 | OK |
Version: 1.0.0
Check: HTML version of manual
Result: NOTE
Found the following HTML validation problems:
AERHMMClass.html:556:1 (AERHMMClass.Rd:300): Warning: missing </ul> before </div>
AERHMMClass.html:127:1 (AERHMMClass.Rd:53): Warning: <h5> anchor "Usage" already defined
AERHMMClass.html:133:1 (AERHMMClass.Rd:57): Warning: <h5> anchor "Returns" already defined
AERHMMClass.html:150:1 (AERHMMClass.Rd:66): Warning: <h5> anchor "Usage" already defined
AERHMMClass.html:156:1 (AERHMMClass.Rd:70): Warning: <h5> anchor "Returns" already defined
AERHMMClass.html:173:1 (AERHMMClass.Rd:79): Warning: <h5> anchor "Usage" already defined
AERHMMClass.html:179:1 (AERHMMClass.Rd:83): Warning: <h5> anchor "Returns" already defined
AERHMMClass.html:196:1 (AERHMMClass.Rd:92): Warning: <h5> anchor "Usage" already defined
AERHMMClass.html:202:1 (AERHMMClass.Rd:96): Warning: <h5> anchor "Returns" already defined
AERHMMClass.html:219:1 (AERHMMClass.Rd:105): Warning: <h5> anchor "Usage" already defined
AERHMMClass.html:240:1 (AERHMMClass.Rd:118): Warning: <h5> anchor "Returns" already defined
AERHMMClass.html:257:1 (AERHMMClass.Rd:127): Warning: <h5> anchor "Usage" already defined
AERHMMClass.html:263:1 (AERHMMClass.Rd:131): Warning: <h5> anchor "Returns" already defined
AERHMMClass.html:280:1 (AERHMMClass.Rd:140): Warning: <h5> anchor "Usage" already defined
AERHMMClass.html:286:1 (AERHMMClass.Rd:144): Warning: <h5> anchor "Returns" already defined
AERHMMClass.html:303:1 (AERHMMClass.Rd:153): Warning: <h5> anchor "Usage" already defined
AERHMMClass.html:309:1 (AERHMMClass.Rd:157): Warning: <h5> anchor "Returns" already defined
AERHMMClass.html:326:1 (AERHMMClass.Rd:166): Warning: <h5> anchor "Usage" already defined
AERHMMClass.html:332:1 (AERHMMClass.Rd:170): Warning: <h5> anchor "Arguments" already defined
AERHMMClass.html:355:1 (AERHMMClass.Rd:183): Warning: <h5> anchor "Usage" already defined
AERHMMClass.html:361:1 (AERHMMClass.Rd:187): Warning: <h5> anchor "Arguments" already defined
AERHMMClass.html:376:1 (AERHMMClass.Rd:196): Warning: <h5> anchor "Returns" already defined
AERHMMClass.html:393:1 (AERHMMClass.Rd:205): Warning: <h5> anchor "Usage" already defined
AERHMMClass.html:399:1 (AERHMMClass.Rd:209): Warning: <h5> anchor "Arguments" already defined
AERHMMClass.html:414:1 (AERHMMClass.Rd:218): Warning: <h5> anchor "Returns" already defined
AERHMMClass.html:431:1 (AERHMMClass.Rd:227): Warning: <h5> anchor "Usage" already defined
AERHMMClass.html:437:1 (AERHMMClass.Rd:231): Warning: <h5> anchor "Arguments" already defined
AERHMMClass.html:450:1 (AERHMMClass.Rd:238): Warning: <h5> anchor "Returns" already defined
AERHMMClass.html:467:1 (AERHMMClass.Rd:247): Warning: <h5> anchor "Usage" already defined
AERHMMClass.html:473:1 (AERHMMClass.Rd:251): Warning: <h5> anchor "Arguments" already defined
AERHMMClass.html:500:1 (AERHMMClass.Rd:268): Warning: <h5> anchor "Usage" already defined
AERHMMClass.html:506:1 (AERHMMClass.Rd:272): Warning: <h5> anchor "Arguments" already defined
AERHMMClass.html:533:1 (AERHMMClass.Rd:289): Warning: <h5> anchor "Usage" already defined
AERHMMClass.html:539:1 (AERHMMClass.Rd:293): Warning: <h5> anchor "Arguments" already defined
AHerlangClass.html:586:1 (AHerlangClass.Rd:318): Warning: missing </ul> before </div>
AHerlangClass.html:127:1 (AHerlangClass.Rd:53): Warning: <h5> anchor "Usage" already defined
AHerlangClass.html:133:1 (AHerlangClass.Rd:57): Warning: <h5> anchor "Returns" already defined
AHerlangClass.html:150:1 (AHerlangClass.Rd:66): Warning: <h5> anchor "Usage" already defined
AHerlangClass.html:156:1 (AHerlangClass.Rd:70): Warning: <h5> anchor "Returns" already defined
AHerlangClass.html:173:1 (AHerlangClass.Rd:79): Warning: <h5> anchor "Usage" already defined
AHerlangClass.html:194:1 (AHerlangClass.Rd:92): Warning: <h5> anchor "Returns" already defined
AHerlangClass.html:211:1 (AHerlangClass.Rd:101): Warning: <h5> anchor "Usage" already defined
AHerlangClass.html:217:1 (AHerlangClass.Rd:105): Warning: <h5> anchor "Returns" already defined
AHerlangClass.html:234:1 (AHerlangClass.Rd:114): Warning: <h5> anchor "Usage" already defined
AHerlangClass.html:240:1 (AHerlangClass.Rd:118): Warning: <h5> anchor "Returns" already defined
AHerlangClass.html:257:1 (AHerlangClass.Rd:127): Warning: <h5> anchor "Usage" already defined
AHerlangClass.html:263:1 (AHerlangClass.Rd:131): Warning: <h5> anchor "Returns" already defined
AHerlangClass.html:280:1 (AHerlangClass.Rd:140): Warning: <h5> anchor "Usage" already defined
AHerlangClass.html:286:1 (AHerlangClass.Rd:144): Warning: <h5> anchor "Arguments" already defined
AHerlangClass.html:301:1 (AHerlangClass.Rd:153): Warning: <h5> anchor "Returns" already defined
AHerlangClass.html:318:1 (AHerlangClass.Rd:162): Warning: <h5> anchor "Usage" already defined
AHerlangClass.html:324:1 (AHerlangClass.Rd:166): Warning: <h5> anchor "Arguments" already defined
AHerlangClass.html:347:1 (AHerlangClass.Rd:179): Warning: <h5> anchor "Usage" already defined
AHerlangClass.html:353:1 (AHerlangClass.Rd:183): Warning: <h5> anchor "Arguments" already defined
AHerlangClass.html:368:1 (AHerlangClass.Rd:192): Warning: <h5> anchor "Returns" already defined
AHerlangClass.html:385:1 (AHerlangClass.Rd:201): Warning: <h5> anchor "Usage" already defined
AHerlangClass.html:391:1 (AHerlangClass.Rd:205): Warning: <h5> anchor "Arguments" already defined
AHerlangClass.html:406:1 (AHerlangClass.Rd:214): Warning: <h5> anchor "Returns" already defined
AHerlangClass.html:423:1 (AHerlangClass.Rd:223): Warning: <h5> anchor "Usage" already defined
AHerlangClass.html:429:1 (AHerlangClass.Rd:227): Warning: <h5> anchor "Arguments" already defined
AHerlangClass.html:444:1 (AHerlangClass.Rd:236): Warning: <h5> anchor "Returns" already defined
AHerlangClass.html:461:1 (AHerlangClass.Rd:245): Warning: <h5> anchor "Usage" already defined
AHerlangClass.html:467:1 (AHerlangClass.Rd:249): Warning: <h5> anchor "Arguments" already defined
AHerlangClass.html:480:1 (AHerlangClass.Rd:256): Warning: <h5> anchor "Returns" already defined
AHerlangClass.html:497:1 (AHerlangClass.Rd:265): Warning: <h5> anchor "Usage" already defined
AHerlangClass.html:503:1 (AHerlangClass.Rd:269): Warning: <h5> anchor "Arguments" already defined
AHerlangClass.html:530:1 (AHerlangClass.Rd:286): Warning: <h5> anchor "Usage" already defined
AHerlangClass.html:536:1 (AHerlangClass.Rd:290): Warning: <h5> anchor "Arguments" already defined
AHerlangClass.html:563:1 (AHerlangClass.Rd:307): Warning: <h5> anchor "Usage" already defined
AHerlangClass.html:569:1 (AHerlangClass.Rd:311): Warning: <h5> anchor "Arguments" already defined
CF1Class.html:342:1 (CF1Class.Rd:191): Warning: missing </ul> before </div>
CF1Class.html:127:1 (CF1Class.Rd:66): Warning: <h5> anchor "Usage" already defined
CF1Class.html:148:1 (CF1Class.Rd:79): Warning: <h5> anchor "Returns" already defined
CF1Class.html:165:1 (CF1Class.Rd:88): Warning: <h5> anchor "Usage" already defined
CF1Class.html:171:1 (CF1Class.Rd:92): Warning: <h5> anchor "Returns" already defined
CF1Class.html:188:1 (CF1Class.Rd:101): Warning: <h5> anchor "Usage" already defined
CF1Class.html:194:1 (CF1Class.Rd:105): Warning: <h5> anchor "Arguments" already defined
CF1Class.html:217:1 (CF1Class.Rd:118): Warning: <h5> anchor "Usage" already defined
CF1Class.html:223:1 (CF1Class.Rd:122): Warning: <h5> anchor "Arguments" already defined
CF1Class.html:236:1 (CF1Class.Rd:129): Warning: <h5> anchor "Returns" already defined
CF1Class.html:253:1 (CF1Class.Rd:138): Warning: <h5> anchor "Usage" already defined
CF1Class.html:259:1 (CF1Class.Rd:142): Warning: <h5> anchor "Arguments" already defined
CF1Class.html:286:1 (CF1Class.Rd:159): Warning: <h5> anchor "Usage" already defined
CF1Class.html:292:1 (CF1Class.Rd:163): Warning: <h5> anchor "Arguments" already defined
CF1Class.html:319:1 (CF1Class.Rd:180): Warning: <h5> anchor "Usage" already defined
CF1Class.html:325:1 (CF1Class.Rd:184): Warning: <h5> anchor "Arguments" already defined
ERHMMClass.html:560:1 (ERHMMClass.Rd:304): Warning: missing </ul> before </div>
ERHMMClass.html:127:1 (ERHMMClass.Rd:53): Warning: <h5> anchor "Usage" already defined
ERHMMClass.html:133:1 (ERHMMClass.Rd:57): Warning: <h5> anchor "Returns" already defined
ERHMMClass.html:150:1 (ERHMMClass.Rd:66): Warning: <h5> anchor "Usage" already defined
ERHMMClass.html:156:1 (ERHMMClass.Rd:70): Warning: <h5> anchor "Returns" already defined
ERHMMClass.html:173:1 (ERHMMClass.Rd:79): Warning: <h5> anchor "Usage" already defined
ERHMMClass.html:179:1 (ERHMMClass.Rd:83): Warning: <h5> anchor "Returns" already defined
ERHMMClass.html:196:1 (ERHMMClass.Rd:92): Warning: <h5> anchor "Usage" already defined
ERHMMClass.html:202:1 (ERHMMClass.Rd:96): Warning: <h5> anchor "Returns" already defined
ERHMMClass.html:219:1 (ERHMMClass.Rd:105): Warning: <h5> anchor "Usage" already defined
ERHMMClass.html:246:1 (ERHMMClass.Rd:124): Warning: <h5> anchor "Returns" already defined
ERHMMClass.html:263:1 (ERHMMClass.Rd:133): Warning: <h5> anchor "Usage" already defined
ERHMMClass.html:269:1 (ERHMMClass.Rd:137): Warning: <h5> anchor "Returns" already defined
ERHMMClass.html:286:1 (ERHMMClass.Rd:146): Warning: <h5> anchor "Usage" already defined
ERHMMClass.html:292:1 (ERHMMClass.Rd:150): Warning: <h5> anchor "Returns" already defined
ERHMMClass.html:309:1 (ERHMMClass.Rd:159): Warning: <h5> anchor "Usage" already defined
ERHMMClass.html:315:1 (ERHMMClass.Rd:163): Warning: <h5> anchor "Returns" already defined
ERHMMClass.html:332:1 (ERHMMClass.Rd:172): Warning: <h5> anchor "Usage" already defined
ERHMMClass.html:338:1 (ERHMMClass.Rd:176): Warning: <h5> anchor "Arguments" already defined
ERHMMClass.html:361:1 (ERHMMClass.Rd:189): Warning: <h5> anchor "Usage" already defined
ERHMMClass.html:367:1 (ERHMMClass.Rd:193): Warning: <h5> anchor "Arguments" already defined
ERHMMClass.html:382:1 (ERHMMClass.Rd:202): Warning: <h5> anchor "Returns" already defined
ERHMMClass.html:399:1 (ERHMMClass.Rd:211): Warning: <h5> anchor "Usage" already defined
ERHMMClass.html:405:1 (ERHMMClass.Rd:215): Warning: <h5> anchor "Arguments" already defined
ERHMMClass.html:420:1 (ERHMMClass.Rd:224): Warning: <h5> anchor "Returns" already defined
ERHMMClass.html:437:1 (ERHMMClass.Rd:233): Warning: <h5> anchor "Usage" already defined
ERHMMClass.html:443:1 (ERHMMClass.Rd:237): Warning: <h5> anchor "Arguments" already defined
ERHMMClass.html:456:1 (ERHMMClass.Rd:244): Warning: <h5> anchor "Returns" already defined
ERHMMClass.html:473:1 (ERHMMClass.Rd:253): Warning: <h5> anchor "Usage" already defined
ERHMMClass.html:479:1 (ERHMMClass.Rd:257): Warning: <h5> anchor "Arguments" already defined
ERHMMClass.html:506:1 (ERHMMClass.Rd:274): Warning: <h5> anchor "Usage" already defined
ERHMMClass.html:512:1 (ERHMMClass.Rd:278): Warning: <h5> anchor "Arguments" already defined
ERHMMClass.html:537:1 (ERHMMClass.Rd:293): Warning: <h5> anchor "Usage" already defined
ERHMMClass.html:543:1 (ERHMMClass.Rd:297): Warning: <h5> anchor "Arguments" already defined
GMMPPClass.html:212:1 (GMMPPClass.Rd:119): Warning: missing </ul> before </div>
GMMPPClass.html:133:1 (GMMPPClass.Rd:74): Warning: <h5> anchor "Usage" already defined
GMMPPClass.html:139:1 (GMMPPClass.Rd:78): Warning: <h5> anchor "Returns" already defined
GMMPPClass.html:156:1 (GMMPPClass.Rd:87): Warning: <h5> anchor "Usage" already defined
GMMPPClass.html:162:1 (GMMPPClass.Rd:91): Warning: <h5> anchor "Arguments" already defined
GMMPPClass.html:189:1 (GMMPPClass.Rd:108): Warning: <h5> anchor "Usage" already defined
GMMPPClass.html:195:1 (GMMPPClass.Rd:112): Warning: <h5> anchor "Arguments" already defined
GPHClass.html:128:1 (GPHClass.Rd:64): Warning: <h5> anchor "Usage" already defined
GPHClass.html:134:1 (GPHClass.Rd:68): Warning: <h5> anchor "Returns" already defined
GPHClass.html:151:1 (GPHClass.Rd:77): Warning: <h5> anchor "Usage" already defined
GPHClass.html:157:1 (GPHClass.Rd:81): Warning: <h5> anchor "Returns" already defined
GPHClass.html:174:1 (GPHClass.Rd:90): Warning: <h5> anchor "Usage" already defined
GPHClass.html:197:1 (GPHClass.Rd:105): Warning: <h5> anchor "Returns" already defined
GPHClass.html:214:1 (GPHClass.Rd:114): Warning: <h5> anchor "Usage" already defined
GPHClass.html:220:1 (GPHClass.Rd:118): Warning: <h5> anchor "Returns" already defined
GPHClass.html:237:1 (GPHClass.Rd:127): Warning: <h5> anchor "Usage" already defined
GPHClass.html:243:1 (GPHClass.Rd:131): Warning: <h5> anchor "Returns" already defined
GPHClass.html:260:1 (GPHClass.Rd:140): Warning: <h5> anchor "Usage" already defined
GPHClass.html:266:1 (GPHClass.Rd:144): Warning: <h5> anchor "Returns" already defined
GPHClass.html:283:1 (GPHClass.Rd:153): Warning: <h5> anchor "Usage" already defined
GPHClass.html:289:1 (GPHClass.Rd:157): Warning: <h5> anchor "Arguments" already defined
GPHClass.html:304:1 (GPHClass.Rd:166): Warning: <h5> anchor "Returns" already defined
GPHClass.html:321:1 (GPHClass.Rd:175): Warning: <h5> anchor "Usage" already defined
GPHClass.html:327:1 (GPHClass.Rd:179): Warning: <h5> anchor "Arguments" already defined
GPHClass.html:350:1 (GPHClass.Rd:192): Warning: <h5> anchor "Usage" already defined
GPHClass.html:356:1 (GPHClass.Rd:196): Warning: <h5> anchor "Arguments" already defined
GPHClass.html:375:1 (GPHClass.Rd:209): Warning: <h5> anchor "Returns" already defined
GPHClass.html:392:1 (GPHClass.Rd:218): Warning: <h5> anchor "Usage" already defined
GPHClass.html:398:1 (GPHClass.Rd:222): Warning: <h5> anchor "Arguments" already defined
GPHClass.html:417:1 (GPHClass.Rd:235): Warning: <h5> anchor "Returns" already defined
GPHClass.html:434:1 (GPHClass.Rd:244): Warning: <h5> anchor "Usage" already defined
GPHClass.html:440:1 (GPHClass.Rd:248): Warning: <h5> anchor "Arguments" already defined
GPHClass.html:459:1 (GPHClass.Rd:261): Warning: <h5> anchor "Returns" already defined
GPHClass.html:476:1 (GPHClass.Rd:270): Warning: <h5> anchor "Usage" already defined
GPHClass.html:482:1 (GPHClass.Rd:274): Warning: <h5> anchor "Arguments" already defined
GPHClass.html:495:1 (GPHClass.Rd:281): Warning: <h5> anchor "Returns" already defined
GPHClass.html:512:1 (GPHClass.Rd:290): Warning: <h5> anchor "Usage" already defined
GPHClass.html:518:1 (GPHClass.Rd:294): Warning: <h5> anchor "Arguments" already defined
GPHClass.html:545:1 (GPHClass.Rd:311): Warning: <h5> anchor "Usage" already defined
GPHClass.html:551:1 (GPHClass.Rd:315): Warning: <h5> anchor "Arguments" already defined
GPHClass.html:578:1 (GPHClass.Rd:332): Warning: <h5> anchor "Usage" already defined
GPHClass.html:584:1 (GPHClass.Rd:336): Warning: <h5> anchor "Arguments" already defined
HErlangClass.html:588:1 (HErlangClass.Rd:320): Warning: missing </ul> before </div>
HErlangClass.html:127:1 (HErlangClass.Rd:53): Warning: <h5> anchor "Usage" already defined
HErlangClass.html:133:1 (HErlangClass.Rd:57): Warning: <h5> anchor "Returns" already defined
HErlangClass.html:150:1 (HErlangClass.Rd:66): Warning: <h5> anchor "Usage" already defined
HErlangClass.html:156:1 (HErlangClass.Rd:70): Warning: <h5> anchor "Returns" already defined
HErlangClass.html:173:1 (HErlangClass.Rd:79): Warning: <h5> anchor "Usage" already defined
HErlangClass.html:196:1 (HErlangClass.Rd:94): Warning: <h5> anchor "Returns" already defined
HErlangClass.html:213:1 (HErlangClass.Rd:103): Warning: <h5> anchor "Usage" already defined
HErlangClass.html:219:1 (HErlangClass.Rd:107): Warning: <h5> anchor "Returns" already defined
HErlangClass.html:236:1 (HErlangClass.Rd:116): Warning: <h5> anchor "Usage" already defined
HErlangClass.html:242:1 (HErlangClass.Rd:120): Warning: <h5> anchor "Returns" already defined
HErlangClass.html:259:1 (HErlangClass.Rd:129): Warning: <h5> anchor "Usage" already defined
HErlangClass.html:265:1 (HErlangClass.Rd:133): Warning: <h5> anchor "Returns" already defined
HErlangClass.html:282:1 (HErlangClass.Rd:142): Warning: <h5> anchor "Usage" already defined
HErlangClass.html:288:1 (HErlangClass.Rd:146): Warning: <h5> anchor "Arguments" already defined
HErlangClass.html:303:1 (HErlangClass.Rd:155): Warning: <h5> anchor "Returns" already defined
HErlangClass.html:320:1 (HErlangClass.Rd:164): Warning: <h5> anchor "Usage" already defined
HErlangClass.html:326:1 (HErlangClass.Rd:168): Warning: <h5> anchor "Arguments" already defined
HErlangClass.html:349:1 (HErlangClass.Rd:181): Warning: <h5> anchor "Usage" already defined
HErlangClass.html:355:1 (HErlangClass.Rd:185): Warning: <h5> anchor "Arguments" already defined
HErlangClass.html:370:1 (HErlangClass.Rd:194): Warning: <h5> anchor "Returns" already defined
HErlangClass.html:387:1 (HErlangClass.Rd:203): Warning: <h5> anchor "Usage" already defined
HErlangClass.html:393:1 (HErlangClass.Rd:207): Warning: <h5> anchor "Arguments" already defined
HErlangClass.html:408:1 (HErlangClass.Rd:216): Warning: <h5> anchor "Returns" already defined
HErlangClass.html:425:1 (HErlangClass.Rd:225): Warning: <h5> anchor "Usage" already defined
HErlangClass.html:431:1 (HErlangClass.Rd:229): Warning: <h5> anchor "Arguments" already defined
HErlangClass.html:446:1 (HErlangClass.Rd:238): Warning: <h5> anchor "Returns" already defined
HErlangClass.html:463:1 (HErlangClass.Rd:247): Warning: <h5> anchor "Usage" already defined
HErlangClass.html:469:1 (HErlangClass.Rd:251): Warning: <h5> anchor "Arguments" already defined
HErlangClass.html:482:1 (HErlangClass.Rd:258): Warning: <h5> anchor "Returns" already defined
HErlangClass.html:499:1 (HErlangClass.Rd:267): Warning: <h5> anchor "Usage" already defined
HErlangClass.html:505:1 (HErlangClass.Rd:271): Warning: <h5> anchor "Arguments" already defined
HErlangClass.html:532:1 (HErlangClass.Rd:288): Warning: <h5> anchor "Usage" already defined
HErlangClass.html:538:1 (HErlangClass.Rd:292): Warning: <h5> anchor "Arguments" already defined
HErlangClass.html:565:1 (HErlangClass.Rd:309): Warning: <h5> anchor "Usage" already defined
HErlangClass.html:571:1 (HErlangClass.Rd:313): Warning: <h5> anchor "Arguments" already defined
MAPClass.html:532:1 (MAPClass.Rd:288): Warning: missing </ul> before </div>
MAPClass.html:124:1 (MAPClass.Rd:52): Warning: <h5> anchor "Usage" already defined
MAPClass.html:130:1 (MAPClass.Rd:56): Warning: <h5> anchor "Returns" already defined
MAPClass.html:147:1 (MAPClass.Rd:65): Warning: <h5> anchor "Usage" already defined
MAPClass.html:153:1 (MAPClass.Rd:69): Warning: <h5> anchor "Returns" already defined
MAPClass.html:170:1 (MAPClass.Rd:78): Warning: <h5> anchor "Usage" already defined
MAPClass.html:176:1 (MAPClass.Rd:82): Warning: <h5> anchor "Returns" already defined
MAPClass.html:193:1 (MAPClass.Rd:91): Warning: <h5> anchor "Usage" already defined
MAPClass.html:218:1 (MAPClass.Rd:108): Warning: <h5> anchor "Returns" already defined
MAPClass.html:235:1 (MAPClass.Rd:117): Warning: <h5> anchor "Usage" already defined
MAPClass.html:241:1 (MAPClass.Rd:121): Warning: <h5> anchor "Returns" already defined
MAPClass.html:258:1 (MAPClass.Rd:130): Warning: <h5> anchor "Usage" already defined
MAPClass.html:264:1 (MAPClass.Rd:134): Warning: <h5> anchor "Returns" already defined
MAPClass.html:281:1 (MAPClass.Rd:143): Warning: <h5> anchor "Usage" already defined
MAPClass.html:287:1 (MAPClass.Rd:147): Warning: <h5> anchor "Returns" already defined
MAPClass.html:304:1 (MAPClass.Rd:156): Warning: <h5> anchor "Usage" already defined
MAPClass.html:310:1 (MAPClass.Rd:160): Warning: <h5> anchor "Arguments" already defined
MAPClass.html:333:1 (MAPClass.Rd:173): Warning: <h5> anchor "Usage" already defined
MAPClass.html:339:1 (MAPClass.Rd:177): Warning: <h5> anchor "Arguments" already defined
MAPClass.html:354:1 (MAPClass.Rd:186): Warning: <h5> anchor "Returns" already defined
MAPClass.html:371:1 (MAPClass.Rd:195): Warning: <h5> anchor "Usage" already defined
MAPClass.html:377:1 (MAPClass.Rd:199): Warning: <h5> anchor "Arguments" already defined
MAPClass.html:392:1 (MAPClass.Rd:208): Warning: <h5> anchor "Returns" already defined
MAPClass.html:409:1 (MAPClass.Rd:217): Warning: <h5> anchor "Usage" already defined
MAPClass.html:415:1 (MAPClass.Rd:221): Warning: <h5> anchor "Arguments" already defined
MAPClass.html:428:1 (MAPClass.Rd:228): Warning: <h5> anchor "Returns" already defined
MAPClass.html:445:1 (MAPClass.Rd:237): Warning: <h5> anchor "Usage" already defined
MAPClass.html:451:1 (MAPClass.Rd:241): Warning: <h5> anchor "Arguments" already defined
MAPClass.html:478:1 (MAPClass.Rd:258): Warning: <h5> anchor "Usage" already defined
MAPClass.html:484:1 (MAPClass.Rd:262): Warning: <h5> anchor "Arguments" already defined
MAPClass.html:509:1 (MAPClass.Rd:277): Warning: <h5> anchor "Usage" already defined
MAPClass.html:515:1 (MAPClass.Rd:281): Warning: <h5> anchor "Arguments" already defined
Flavor: r-devel-linux-x86_64-debian-gcc
Version: 1.0.0
Check: installed package size
Result: NOTE
installed size is 5.8Mb
sub-directories of 1Mb or more:
libs 5.1Mb
Flavors: r-oldrel-macos-arm64, r-oldrel-macos-x86_64