CRAN Package Check Results for Package madsim

Last updated on 2025-10-09 12:51:22 CEST.

Flavor Version Tinstall Tcheck Ttotal Status Flags
r-devel-linux-x86_64-debian-clang 1.2.1 1.65 22.31 23.96 NOTE
r-devel-linux-x86_64-debian-gcc 1.2.1 1.33 17.98 19.31 NOTE
r-devel-linux-x86_64-fedora-clang 1.2.1 34.47 OK
r-devel-linux-x86_64-fedora-gcc 1.2.1 33.93 OK
r-devel-windows-x86_64 1.2.1 3.00 38.00 41.00 OK
r-patched-linux-x86_64 1.2.1 1.76 21.08 22.84 OK
r-release-linux-x86_64 1.2.1 1.60 21.08 22.68 OK
r-release-macos-arm64 1.2.1 16.00 OK
r-release-macos-x86_64 1.2.1 24.00 OK
r-release-windows-x86_64 1.2.1 3.00 62.00 65.00 OK
r-oldrel-macos-arm64 1.2.1 15.00 OK
r-oldrel-macos-x86_64 1.2.1 21.00 OK
r-oldrel-windows-x86_64 1.2.1 2.00 39.00 41.00 OK

Check Details

Version: 1.2.1
Check: CRAN incoming feasibility
Result: NOTE Maintainer: ‘Doulaye Dembele <doulaye@igbmc.fr>’ No Authors@R field in DESCRIPTION. Please add one, modifying Authors@R: person(given = "Doulaye", family = "Dembele", role = c("aut", "cre"), email = "doulaye@igbmc.fr") as necessary. Flavors: r-devel-linux-x86_64-debian-clang, r-devel-linux-x86_64-debian-gcc