Last updated on 2025-10-31 09:50:21 CET.
| Flavor | Version | Tinstall | Tcheck | Ttotal | Status | Flags | 
|---|---|---|---|---|---|---|
| r-devel-linux-x86_64-debian-clang | 0.6.6 | 3.08 | 61.21 | 64.29 | NOTE | |
| r-devel-linux-x86_64-debian-gcc | 0.6.6 | 2.32 | 47.77 | 50.09 | NOTE | |
| r-devel-linux-x86_64-fedora-clang | 0.6.6 | 92.91 | OK | |||
| r-devel-linux-x86_64-fedora-gcc | 0.6.6 | 104.73 | OK | |||
| r-devel-windows-x86_64 | 0.6.6 | 6.00 | 142.00 | 148.00 | OK | |
| r-patched-linux-x86_64 | 0.6.6 | 3.10 | 59.96 | 63.06 | OK | |
| r-release-linux-x86_64 | 0.6.6 | 3.17 | 59.70 | 62.87 | OK | |
| r-release-macos-arm64 | 0.6.6 | 3.00 | 51.00 | 54.00 | OK | |
| r-release-macos-x86_64 | 0.6.6 | 6.00 | 104.00 | 110.00 | OK | |
| r-release-windows-x86_64 | 0.6.6 | 6.00 | 167.00 | 173.00 | OK | |
| r-oldrel-macos-arm64 | 0.6.6 | 3.00 | 41.00 | 44.00 | OK | |
| r-oldrel-macos-x86_64 | 0.6.6 | 4.00 | 66.00 | 70.00 | OK | |
| r-oldrel-windows-x86_64 | 0.6.6 | 5.00 | 137.00 | 142.00 | OK | 
Version: 0.6.6
Check: CRAN incoming feasibility
Result: NOTE
  Maintainer: ‘Dave Zes <zesdave@gmail.com>’
  
  No Authors@R field in DESCRIPTION.
  Please add one, modifying
    Authors@R: person(given = "Dave",
                      family = "Zes",
                      role = c("aut", "cre"),
                      email = "zesdave@gmail.com")
  as necessary.
Flavors: r-devel-linux-x86_64-debian-clang, r-devel-linux-x86_64-debian-gcc