Last updated on 2025-11-23 12:49:54 CET.
| Flavor | Version | Tinstall | Tcheck | Ttotal | Status | Flags |
|---|---|---|---|---|---|---|
| r-devel-linux-x86_64-fedora-clang | 4.0 | 38.00 | 51.07 | 89.07 | OK | |
| r-devel-linux-x86_64-fedora-gcc | 4.0 | 34.00 | 48.11 | 82.11 | OK | |
| r-devel-windows-x86_64 | 4.0 | 10.00 | 51.00 | 61.00 | OK | |
| r-release-macos-arm64 | 4.0 | OK | ||||
| r-release-macos-x86_64 | 4.0 | 5.00 | 40.00 | 45.00 | OK | |
| r-release-windows-x86_64 | 4.0 | 7.00 | 60.00 | 67.00 | OK | |
| r-oldrel-macos-arm64 | 4.0 | NOTE | ||||
| r-oldrel-macos-x86_64 | 4.0 | 5.00 | 33.00 | 38.00 | NOTE | |
| r-oldrel-windows-x86_64 | 4.0 | 6.00 | 61.00 | 67.00 | OK |
Version: 4.0
Check: package dependencies
Result: NOTE
Packages suggested but not available for checking: 'lumi', 'beadarray'
Flavor: r-oldrel-macos-arm64
Version: 4.0
Check: package dependencies
Result: NOTE
Package suggested but not available for checking: ‘lumi’
Flavor: r-oldrel-macos-x86_64