Last updated on 2025-11-11 10:50:06 CET.
| Flavor | Version | Tinstall | Tcheck | Ttotal | Status | Flags |
|---|---|---|---|---|---|---|
| r-devel-linux-x86_64-debian-clang | 1.2-0 | 1.83 | 24.20 | 26.03 | NOTE | |
| r-devel-linux-x86_64-debian-gcc | 1.2-0 | 1.64 | 19.86 | 21.50 | NOTE | |
| r-devel-linux-x86_64-fedora-clang | 1.2-0 | 38.30 | OK | |||
| r-devel-linux-x86_64-fedora-gcc | 1.2-0 | 38.53 | OK | |||
| r-devel-windows-x86_64 | 1.2-0 | 3.00 | 50.00 | 53.00 | OK | |
| r-patched-linux-x86_64 | 1.2-0 | 2.03 | 23.03 | 25.06 | OK | |
| r-release-linux-x86_64 | 1.2-0 | 1.81 | 23.12 | 24.93 | OK | |
| r-release-macos-arm64 | 1.2-0 | 1.00 | 16.00 | 17.00 | OK | |
| r-release-macos-x86_64 | 1.2-0 | 2.00 | 23.00 | 25.00 | OK | |
| r-release-windows-x86_64 | 1.2-0 | 3.00 | 42.00 | 45.00 | OK | |
| r-oldrel-macos-arm64 | 1.2-0 | 9.00 | OK | |||
| r-oldrel-macos-x86_64 | 1.2-0 | 2.00 | 21.00 | 23.00 | OK | |
| r-oldrel-windows-x86_64 | 1.2-0 | 5.00 | 47.00 | 52.00 | OK |
Version: 1.2-0
Check: CRAN incoming feasibility
Result: NOTE
Maintainer: ‘S. M. Barbosa <susana.barbosa@fc.up.pt>’
No Authors@R field in DESCRIPTION.
Please add one, modifying
Authors@R: c(person(given = "Susana",
family = "Barbosa",
role = "aut"),
person(given = c("S.", "M."),
family = "Barbosa",
role = "cre",
email = "susana.barbosa@fc.up.pt"))
as necessary.
Flavors: r-devel-linux-x86_64-debian-clang, r-devel-linux-x86_64-debian-gcc