Last updated on 2025-11-16 09:49:32 CET.
| Flavor | Version | Tinstall | Tcheck | Ttotal | Status | Flags |
|---|---|---|---|---|---|---|
| r-devel-linux-x86_64-debian-clang | 0.0.3 | 2.49 | 30.86 | 33.35 | OK | |
| r-devel-linux-x86_64-debian-gcc | 0.0.3 | 1.88 | 25.46 | 27.34 | NOTE | |
| r-devel-linux-x86_64-fedora-clang | 0.0.3 | 47.46 | OK | |||
| r-devel-linux-x86_64-fedora-gcc | 0.0.3 | 63.36 | OK | |||
| r-devel-windows-x86_64 | 0.0.3 | 4.00 | 65.00 | 69.00 | OK | |
| r-patched-linux-x86_64 | 0.0.3 | 2.50 | 28.45 | 30.95 | OK | |
| r-release-linux-x86_64 | 0.0.3 | 2.11 | 28.48 | 30.59 | OK | |
| r-release-macos-arm64 | 0.0.3 | 1.00 | 35.00 | 36.00 | OK | |
| r-release-macos-x86_64 | 0.0.3 | 2.00 | 74.00 | 76.00 | OK | |
| r-release-windows-x86_64 | 0.0.3 | 3.00 | 68.00 | 71.00 | OK | |
| r-oldrel-macos-arm64 | 0.0.3 | 1.00 | 24.00 | 25.00 | OK | |
| r-oldrel-macos-x86_64 | 0.0.3 | 2.00 | 40.00 | 42.00 | OK | |
| r-oldrel-windows-x86_64 | 0.0.3 | 3.00 | 64.00 | 67.00 | OK |
Version: 0.0.3
Check: CRAN incoming feasibility
Result: NOTE
Maintainer: ‘Jean-Marie Lepioufle <pv71u98h1@gmail.com>’
The BugReports field in DESCRIPTION has
https://github.com/pv71u98h1/m61r/issues/
which should likely be
https://github.com/pv71u98h1/m61r/issues/issues
instead.
Flavor: r-devel-linux-x86_64-debian-gcc