Last updated on 2025-11-12 10:52:48 CET.
| Flavor | Version | Tinstall | Tcheck | Ttotal | Status | Flags |
|---|---|---|---|---|---|---|
| r-devel-linux-x86_64-debian-clang | 0.3.5 | 21.06 | 165.45 | 186.51 | NOTE | |
| r-devel-linux-x86_64-debian-gcc | 0.3.5 | 12.75 | 118.85 | 131.60 | NOTE | |
| r-devel-linux-x86_64-fedora-clang | 0.3.5 | 78.00 | 215.14 | 293.14 | OK | |
| r-devel-linux-x86_64-fedora-gcc | 0.3.5 | 45.00 | 223.05 | 268.05 | OK | |
| r-devel-windows-x86_64 | 0.3.5 | 20.00 | 153.00 | 173.00 | OK | |
| r-patched-linux-x86_64 | 0.3.5 | 20.00 | 154.11 | 174.11 | OK | |
| r-release-linux-x86_64 | 0.3.5 | 17.67 | 151.90 | 169.57 | OK | |
| r-release-macos-arm64 | 0.3.5 | 8.00 | 59.00 | 67.00 | OK | |
| r-release-macos-x86_64 | 0.3.5 | 17.00 | 109.00 | 126.00 | OK | |
| r-release-windows-x86_64 | 0.3.5 | 21.00 | 149.00 | 170.00 | OK | |
| r-oldrel-macos-arm64 | 0.3.5 | 8.00 | 59.00 | 67.00 | OK | |
| r-oldrel-macos-x86_64 | 0.3.5 | 12.00 | 95.00 | 107.00 | OK | |
| r-oldrel-windows-x86_64 | 0.3.5 | 1.00 | 9.00 | 10.00 | ERROR |
Version: 0.3.5
Check: CRAN incoming feasibility
Result: NOTE
Maintainer: ‘Sacha Epskamp <mail@sachaepskamp.com>’
No Authors@R field in DESCRIPTION.
Please add one, modifying
Authors@R: person(given = "Sacha",
family = "Epskamp",
role = c("aut", "cre"),
email = "mail@sachaepskamp.com")
as necessary.
Flavors: r-devel-linux-x86_64-debian-clang, r-devel-linux-x86_64-debian-gcc
Version: 0.3.5
Check: package dependencies
Result: ERROR
Packages required but not available: 'OpenMx', 'semPlot'
See section 'The DESCRIPTION file' in the 'Writing R Extensions'
manual.
Flavor: r-oldrel-windows-x86_64