Last updated on 2025-11-22 09:49:58 CET.
| Flavor | Version | Tinstall | Tcheck | Ttotal | Status | Flags |
|---|---|---|---|---|---|---|
| r-devel-linux-x86_64-debian-clang | 2.0.4 | 4.01 | 113.11 | 117.12 | NOTE | |
| r-devel-linux-x86_64-debian-gcc | 2.0.4 | 2.78 | 70.61 | 73.39 | NOTE | |
| r-devel-linux-x86_64-fedora-clang | 2.0.4 | 11.00 | 175.64 | 186.64 | OK | |
| r-devel-linux-x86_64-fedora-gcc | 2.0.4 | 175.65 | OK | |||
| r-devel-windows-x86_64 | 2.0.4 | 7.00 | 105.00 | 112.00 | OK | |
| r-patched-linux-x86_64 | 2.0.4 | 4.06 | 105.65 | 109.71 | OK | |
| r-release-linux-x86_64 | 2.0.4 | 4.13 | 103.42 | 107.55 | OK | |
| r-release-macos-arm64 | 2.0.4 | OK | ||||
| r-release-macos-x86_64 | 2.0.4 | 3.00 | 84.00 | 87.00 | OK | |
| r-release-windows-x86_64 | 2.0.4 | 5.00 | 103.00 | 108.00 | OK | |
| r-oldrel-macos-arm64 | 2.0.4 | OK | ||||
| r-oldrel-macos-x86_64 | 2.0.4 | 6.00 | 110.00 | 116.00 | OK | |
| r-oldrel-windows-x86_64 | 2.0.4 | 6.00 | 134.00 | 140.00 | OK |
Version: 2.0.4
Check: CRAN incoming feasibility
Result: NOTE
Maintainer: ‘Ocheredko Oleksandr <Ocheredko@yahoo.com>’
No Authors@R field in DESCRIPTION.
Please add one, modifying
Authors@R: person(given = "Ocheredko",
family = "Oleksandr",
role = c("aut", "cre"),
email = "ocheredko@yahoo.com")
as necessary.
Flavors: r-devel-linux-x86_64-debian-clang, r-devel-linux-x86_64-debian-gcc