Last updated on 2025-11-24 09:50:37 CET.
| Flavor | Version | Tinstall | Tcheck | Ttotal | Status | Flags |
|---|---|---|---|---|---|---|
| r-devel-linux-x86_64-debian-clang | 2.1.8 | 8.74 | 95.88 | 104.62 | NOTE | |
| r-devel-linux-x86_64-debian-gcc | 2.1.8 | 6.50 | 69.29 | 75.79 | NOTE | |
| r-devel-linux-x86_64-fedora-clang | 2.1.8 | 27.00 | 135.18 | 162.18 | OK | |
| r-devel-linux-x86_64-fedora-gcc | 2.1.8 | 16.00 | 144.68 | 160.68 | OK | |
| r-devel-windows-x86_64 | 2.1.8 | 10.00 | 117.00 | 127.00 | OK | |
| r-patched-linux-x86_64 | 2.1.8 | 9.55 | 90.12 | 99.67 | OK | |
| r-release-linux-x86_64 | 2.1.8 | 8.52 | 89.78 | 98.30 | OK | |
| r-release-macos-arm64 | 2.1.8 | OK | ||||
| r-release-macos-x86_64 | 2.1.8 | 7.00 | 92.00 | 99.00 | OK | |
| r-release-windows-x86_64 | 2.1.8 | 10.00 | 117.00 | 127.00 | OK | |
| r-oldrel-macos-arm64 | 2.1.8 | OK | ||||
| r-oldrel-macos-x86_64 | 2.1.8 | 6.00 | 74.00 | 80.00 | OK | |
| r-oldrel-windows-x86_64 | 2.1.8 | 14.00 | 138.00 | 152.00 | OK |
Version: 2.1.8
Check: CRAN incoming feasibility
Result: NOTE
Maintainer: ‘Kaspar Rufibach <kaspar.rufibach@gmail.com>’
No Authors@R field in DESCRIPTION.
Please add one, modifying
Authors@R: c(person(given = "Kaspar",
family = "Rufibach",
role = c("aut", "cre"),
email = "kaspar.rufibach@gmail.com"),
person(given = "Lutz",
family = "Duembgen",
role = "aut",
email = "duembgen@stat.unibe.ch"))
as necessary.
Flavors: r-devel-linux-x86_64-debian-clang, r-devel-linux-x86_64-debian-gcc