Last updated on 2025-10-24 09:50:07 CEST.
| Flavor | Version | Tinstall | Tcheck | Ttotal | Status | Flags |
|---|---|---|---|---|---|---|
| r-devel-linux-x86_64-debian-clang | 0.1.2 | 1.33 | 20.50 | 21.83 | NOTE | |
| r-devel-linux-x86_64-debian-gcc | 0.1.2 | 1.29 | 17.12 | 18.41 | OK | |
| r-devel-linux-x86_64-fedora-clang | 0.1.2 | 32.43 | OK | |||
| r-devel-linux-x86_64-fedora-gcc | 0.1.2 | 54.44 | OK | |||
| r-devel-windows-x86_64 | 0.1.2 | 3.00 | 39.00 | 42.00 | OK | |
| r-patched-linux-x86_64 | 0.1.2 | 1.23 | 18.41 | 19.64 | OK | |
| r-release-linux-x86_64 | 0.1.2 | 1.37 | 18.35 | 19.72 | OK | |
| r-release-macos-arm64 | 0.1.2 | 1.00 | 34.00 | 35.00 | OK | |
| r-release-macos-x86_64 | 0.1.2 | 2.00 | 116.00 | 118.00 | OK | |
| r-release-windows-x86_64 | 0.1.2 | 3.00 | 40.00 | 43.00 | OK | |
| r-oldrel-macos-arm64 | 0.1.2 | 1.00 | 42.00 | 43.00 | NOTE | |
| r-oldrel-macos-x86_64 | 0.1.2 | 1.00 | 49.00 | 50.00 | NOTE | |
| r-oldrel-windows-x86_64 | 0.1.2 | 3.00 | 42.00 | 45.00 | NOTE |
Version: 0.1.2
Check: HTML version of manual
Result: NOTE
Found the following HTML validation problems:
package_dependencies.html:57:1 (package_dependencies.Rd:17): Warning: missing </ul> before </div>
session_dependencies.html:46:1 (session_dependencies.Rd:10): Warning: missing </ul> before </div>
Flavor: r-devel-linux-x86_64-debian-clang
Version: 0.1.2
Check: LazyData
Result: NOTE
'LazyData' is specified without a 'data' directory
Flavors: r-oldrel-macos-arm64, r-oldrel-macos-x86_64, r-oldrel-windows-x86_64