Last updated on 2025-11-15 11:50:48 CET.
| Flavor | Version | Tinstall | Tcheck | Ttotal | Status | Flags |
|---|---|---|---|---|---|---|
| r-devel-linux-x86_64-debian-clang | 0.2.2 | 15.84 | 48.72 | 64.56 | OK | |
| r-devel-linux-x86_64-debian-gcc | 0.2.2 | 10.36 | 38.52 | 48.88 | OK | |
| r-devel-linux-x86_64-fedora-clang | 0.2.2 | 86.00 | 17.73 | 103.73 | OK | |
| r-devel-linux-x86_64-fedora-gcc | 0.2.2 | 34.00 | 56.64 | 90.64 | OK | |
| r-devel-windows-x86_64 | 0.2.2 | 16.00 | 75.00 | 91.00 | OK | |
| r-patched-linux-x86_64 | 0.2.2 | 16.01 | 45.10 | 61.11 | OK | |
| r-release-linux-x86_64 | 0.2.2 | 16.78 | 44.85 | 61.63 | OK | |
| r-release-macos-arm64 | 0.2.2 | 7.00 | 25.00 | 32.00 | OK | |
| r-release-macos-x86_64 | 0.2.2 | 13.00 | 55.00 | 68.00 | OK | |
| r-release-windows-x86_64 | 0.2.2 | 16.00 | 76.00 | 92.00 | OK | |
| r-oldrel-macos-arm64 | 0.2.2 | 6.00 | 31.00 | 37.00 | OK | |
| r-oldrel-macos-x86_64 | 0.2.2 | 21.00 | 47.00 | 68.00 | OK | |
| r-oldrel-windows-x86_64 | 0.2.2 | 20.00 | 93.00 | 113.00 | NOTE |
Version: 0.2.2
Check: package dependencies
Result: NOTE
Package suggested but not available for checking: 'rsyslog'
Flavor: r-oldrel-windows-x86_64