Last updated on 2025-10-31 09:50:21 CET.
| Flavor | Version | Tinstall | Tcheck | Ttotal | Status | Flags | 
|---|---|---|---|---|---|---|
| r-devel-linux-x86_64-debian-clang | 1.9 | 5.64 | 41.92 | 47.56 | NOTE | |
| r-devel-linux-x86_64-debian-gcc | 1.9 | 3.84 | 30.52 | 34.36 | NOTE | |
| r-devel-linux-x86_64-fedora-clang | 1.9 | 20.00 | 56.45 | 76.45 | OK | |
| r-devel-linux-x86_64-fedora-gcc | 1.9 | 10.00 | 59.20 | 69.20 | OK | |
| r-devel-windows-x86_64 | 1.9 | 6.00 | 65.00 | 71.00 | OK | |
| r-patched-linux-x86_64 | 1.9 | 6.46 | 40.48 | 46.94 | OK | |
| r-release-linux-x86_64 | 1.9 | 4.79 | 40.43 | 45.22 | OK | |
| r-release-macos-arm64 | 1.9 | 2.00 | 19.00 | 21.00 | OK | |
| r-release-macos-x86_64 | 1.9 | 5.00 | 35.00 | 40.00 | OK | |
| r-release-windows-x86_64 | 1.9 | 8.00 | 66.00 | 74.00 | OK | |
| r-oldrel-macos-arm64 | 1.9 | 2.00 | 19.00 | 21.00 | OK | |
| r-oldrel-macos-x86_64 | 1.9 | 4.00 | 29.00 | 33.00 | OK | |
| r-oldrel-windows-x86_64 | 1.9 | 6.00 | 72.00 | 78.00 | OK | 
Version: 1.9
Check: CRAN incoming feasibility
Result: NOTE
  Maintainer: ‘Petter Mostad <mostad@chalmers.se>’
  
  No Authors@R field in DESCRIPTION.
  Please add one, modifying
    Authors@R: person(given = "Petter",
                      family = "Mostad",
                      role = c("aut", "cre"),
                      email = "mostad@chalmers.se")
  as necessary.
Flavors: r-devel-linux-x86_64-debian-clang, r-devel-linux-x86_64-debian-gcc