Last updated on 2025-11-23 12:49:53 CET.
| Flavor | Version | Tinstall | Tcheck | Ttotal | Status | Flags |
|---|---|---|---|---|---|---|
| r-devel-linux-x86_64-debian-clang | 1.2 | 16.87 | 144.31 | 161.18 | NOTE | |
| r-devel-linux-x86_64-debian-gcc | 1.2 | 14.56 | 102.79 | 117.35 | NOTE | |
| r-devel-linux-x86_64-fedora-clang | 1.2 | 36.00 | 214.08 | 250.08 | OK | |
| r-devel-linux-x86_64-fedora-gcc | 1.2 | 35.00 | 201.73 | 236.73 | OK | |
| r-devel-windows-x86_64 | 1.2 | 22.00 | 127.00 | 149.00 | OK | |
| r-patched-linux-x86_64 | 1.2 | 17.49 | 134.81 | 152.30 | OK | |
| r-release-linux-x86_64 | 1.2 | 16.82 | 138.81 | 155.63 | OK | |
| r-release-macos-arm64 | 1.2 | OK | ||||
| r-release-macos-x86_64 | 1.2 | 14.00 | 98.00 | 112.00 | OK | |
| r-release-windows-x86_64 | 1.2 | 20.00 | 127.00 | 147.00 | OK | |
| r-oldrel-macos-arm64 | 1.2 | NOTE | ||||
| r-oldrel-macos-x86_64 | 1.2 | 11.00 | 76.00 | 87.00 | NOTE | |
| r-oldrel-windows-x86_64 | 1.2 | 1.00 | 9.00 | 10.00 | ERROR |
Version: 1.2
Check: CRAN incoming feasibility
Result: NOTE
Maintainer: ‘W. Kyle Hamilton <kyle.hamilton@gmail.com>’
No Authors@R field in DESCRIPTION.
Please add one, modifying
Authors@R: person(given = c("W.", "Kyle"),
family = "Hamilton",
role = c("aut", "cre"),
email = "kyle.hamilton@gmail.com")
as necessary.
Flavors: r-devel-linux-x86_64-debian-clang, r-devel-linux-x86_64-debian-gcc
Version: 1.2
Check: LazyData
Result: NOTE
'LazyData' is specified without a 'data' directory
Flavors: r-oldrel-macos-arm64, r-oldrel-macos-x86_64
Version: 1.2
Check: package dependencies
Result: ERROR
Package required but not available: 'semPlot'
See section 'The DESCRIPTION file' in the 'Writing R Extensions'
manual.
Flavor: r-oldrel-windows-x86_64