Last updated on 2025-11-22 09:49:57 CET.
| Flavor | Version | Tinstall | Tcheck | Ttotal | Status | Flags |
|---|---|---|---|---|---|---|
| r-devel-linux-x86_64-debian-clang | 0.1.9 | 9.39 | 585.02 | 594.41 | NOTE | |
| r-devel-linux-x86_64-debian-gcc | 0.1.9 | 6.72 | 316.64 | 323.36 | NOTE | |
| r-devel-linux-x86_64-fedora-clang | 0.1.9 | 38.00 | 1032.30 | 1070.30 | NOTE | |
| r-devel-linux-x86_64-fedora-gcc | 0.1.9 | 40.00 | 1004.77 | 1044.77 | NOTE | |
| r-devel-windows-x86_64 | 0.1.9 | 13.00 | 495.00 | 508.00 | NOTE | |
| r-patched-linux-x86_64 | 0.1.9 | 10.36 | 561.92 | 572.28 | NOTE | |
| r-release-linux-x86_64 | 0.1.9 | 8.24 | 553.57 | 561.81 | NOTE | |
| r-release-macos-arm64 | 0.1.9 | NOTE | ||||
| r-release-macos-x86_64 | 0.1.9 | 8.00 | 419.00 | 427.00 | NOTE | |
| r-release-windows-x86_64 | 0.1.9 | 10.00 | 499.00 | 509.00 | NOTE | |
| r-oldrel-macos-arm64 | 0.1.9 | OK | ||||
| r-oldrel-macos-x86_64 | 0.1.9 | 9.00 | 216.00 | 225.00 | OK | |
| r-oldrel-windows-x86_64 | 0.1.9 | 12.00 | 333.00 | 345.00 | OK |
Version: 0.1.9
Check: DESCRIPTION meta-information
Result: NOTE
Missing dependency on R >= 4.1.0 because package code uses the pipe
|> or function shorthand \(...) syntax added in R 4.1.0.
File(s) using such syntax:
‘as_base_data_frame.R’ ‘as_base_data_frame2.R’
‘as_labeled_data_frame.R’ ‘irregular2.R’
Flavors: r-devel-linux-x86_64-debian-clang, r-devel-linux-x86_64-debian-gcc, r-devel-linux-x86_64-fedora-clang, r-devel-linux-x86_64-fedora-gcc, r-devel-windows-x86_64, r-patched-linux-x86_64, r-release-linux-x86_64, r-release-macos-arm64, r-release-macos-x86_64, r-release-windows-x86_64