Last updated on 2025-11-12 10:52:47 CET.
| Flavor | Version | Tinstall | Tcheck | Ttotal | Status | Flags |
|---|---|---|---|---|---|---|
| r-devel-linux-x86_64-debian-clang | 0.5.4 | 136.98 | 201.20 | 338.18 | OK | |
| r-devel-linux-x86_64-debian-gcc | 0.5.4 | 100.02 | 138.33 | 238.35 | OK | |
| r-devel-linux-x86_64-fedora-clang | 0.5.4 | 480.00 | 190.40 | 670.40 | OK | |
| r-devel-linux-x86_64-fedora-gcc | 0.5.4 | 244.00 | 335.17 | 579.17 | OK | |
| r-devel-windows-x86_64 | 0.5.4 | 163.00 | 217.00 | 380.00 | OK | |
| r-patched-linux-x86_64 | 0.5.4 | 149.91 | 195.70 | 345.61 | OK | |
| r-release-linux-x86_64 | 0.5.4 | 146.31 | 196.04 | 342.35 | OK | |
| r-release-macos-arm64 | 0.5.4 | 57.00 | 84.00 | 141.00 | OK | |
| r-release-macos-x86_64 | 0.5.4 | 45.00 | 180.00 | 225.00 | OK | |
| r-release-windows-x86_64 | 0.5.4 | 176.00 | 210.00 | 386.00 | OK | |
| r-oldrel-macos-arm64 | 0.5.4 | 53.00 | 81.00 | 134.00 | NOTE | |
| r-oldrel-macos-x86_64 | 0.5.4 | 52.00 | 159.00 | 211.00 | NOTE | |
| r-oldrel-windows-x86_64 | 0.5.4 | 202.00 | 265.00 | 467.00 | OK |
Version: 0.5.4
Check: installed package size
Result: NOTE
installed size is 11.9Mb
sub-directories of 1Mb or more:
libs 11.4Mb
Flavors: r-oldrel-macos-arm64, r-oldrel-macos-x86_64