Last updated on 2025-10-09 12:51:20 CEST.
Flavor | Version | Tinstall | Tcheck | Ttotal | Status | Flags |
---|---|---|---|---|---|---|
r-devel-linux-x86_64-debian-clang | 0.2 | 12.63 | 92.58 | 105.21 | NOTE | |
r-devel-linux-x86_64-debian-gcc | 0.2 | 9.63 | 68.45 | 78.08 | NOTE | |
r-devel-linux-x86_64-fedora-clang | 0.2 | 165.50 | OK | |||
r-devel-linux-x86_64-fedora-gcc | 0.2 | 146.94 | OK | |||
r-devel-windows-x86_64 | 0.2 | 13.00 | 96.00 | 109.00 | OK | |
r-patched-linux-x86_64 | 0.2 | 12.57 | 87.37 | 99.94 | OK | |
r-release-linux-x86_64 | 0.2 | 11.35 | 88.78 | 100.13 | OK | |
r-release-macos-arm64 | 0.2 | 46.00 | OK | |||
r-release-macos-x86_64 | 0.2 | 86.00 | OK | |||
r-release-windows-x86_64 | 0.2 | 13.00 | 96.00 | 109.00 | OK | |
r-oldrel-macos-arm64 | 0.2 | 39.00 | NOTE | |||
r-oldrel-macos-x86_64 | 0.2 | 61.00 | NOTE | |||
r-oldrel-windows-x86_64 | 0.2 | 20.00 | 123.00 | 143.00 | NOTE |
Version: 0.2
Check: CRAN incoming feasibility
Result: NOTE
Maintainer: ‘Huseyin Yildiz <huseyinyildiz35@gmail.com>’
No Authors@R field in DESCRIPTION.
Please add one, modifying
Authors@R: person(given = "Huseyin",
family = "Yildiz",
role = c("aut", "cre"),
email = "huseyinyildiz35@gmail.com")
as necessary.
Flavors: r-devel-linux-x86_64-debian-clang, r-devel-linux-x86_64-debian-gcc
Version: 0.2
Check: LazyData
Result: NOTE
'LazyData' is specified without a 'data' directory
Flavors: r-oldrel-macos-arm64, r-oldrel-macos-x86_64, r-oldrel-windows-x86_64