Last updated on 2025-11-14 10:49:59 CET.
| Flavor | Version | Tinstall | Tcheck | Ttotal | Status | Flags |
|---|---|---|---|---|---|---|
| r-devel-linux-x86_64-debian-clang | 2.1.0 | 156.22 | 250.40 | 406.62 | OK | |
| r-devel-linux-x86_64-debian-gcc | 2.1.0 | 106.42 | 207.10 | 313.52 | OK | |
| r-devel-linux-x86_64-fedora-clang | 2.1.0 | 406.00 | 327.01 | 733.01 | OK | |
| r-devel-linux-x86_64-fedora-gcc | 2.1.0 | 247.00 | 423.60 | 670.60 | OK | |
| r-devel-windows-x86_64 | 2.1.0 | 181.00 | 285.00 | 466.00 | OK | |
| r-patched-linux-x86_64 | 2.1.0 | 158.18 | 324.17 | 482.35 | OK | |
| r-release-linux-x86_64 | 2.1.0 | 155.80 | 323.03 | 478.83 | OK | |
| r-release-macos-arm64 | 2.1.0 | 54.00 | 206.00 | 260.00 | OK | |
| r-release-macos-x86_64 | 2.1.0 | 44.00 | 422.00 | 466.00 | OK | |
| r-release-windows-x86_64 | 2.1.0 | 178.00 | 286.00 | 464.00 | OK | |
| r-oldrel-macos-arm64 | 2.1.0 | 58.00 | 183.00 | 241.00 | NOTE | |
| r-oldrel-macos-x86_64 | 2.1.0 | 42.00 | 281.00 | 323.00 | NOTE | |
| r-oldrel-windows-x86_64 | 2.1.0 | 205.00 | 420.00 | 625.00 | OK |
Version: 2.1.0
Check: installed package size
Result: NOTE
installed size is 9.9Mb
sub-directories of 1Mb or more:
libs 9.6Mb
Flavors: r-oldrel-macos-arm64, r-oldrel-macos-x86_64