CRAN Package Check Results for Package imagefluency

Last updated on 2025-11-22 09:49:56 CET.

Flavor Version Tinstall Tcheck Ttotal Status Flags
r-devel-linux-x86_64-debian-clang 0.2.5 2.19 42.53 44.72 OK
r-devel-linux-x86_64-debian-gcc 0.2.5 2.02 32.90 34.92 OK
r-devel-linux-x86_64-fedora-clang 0.2.5 12.00 61.45 73.45 ERROR
r-devel-linux-x86_64-fedora-gcc 0.2.5 81.44 ERROR
r-devel-windows-x86_64 0.2.5 7.00 256.00 263.00 OK
r-patched-linux-x86_64 0.2.5 2.97 38.93 41.90 OK
r-release-linux-x86_64 0.2.5 1.96 38.73 40.69 OK
r-release-macos-arm64 0.2.5 OK
r-release-macos-x86_64 0.2.5 2.00 65.00 67.00 OK
r-release-windows-x86_64 0.2.5 6.00 257.00 263.00 OK
r-oldrel-macos-arm64 0.2.5 OK
r-oldrel-macos-x86_64 0.2.5 2.00 44.00 46.00 OK
r-oldrel-windows-x86_64 0.2.5 5.00 311.00 316.00 OK

Check Details

Version: 0.2.5
Check: tests
Result: ERROR Running ‘testthat.R’ [14s/32s] Running the tests in ‘tests/testthat.R’ failed. Complete output: > library(testthat) > library(imagefluency) > > test_check("imagefluency") Saving _problems/test_complexity-37.R [ FAIL 1 | WARN 0 | SKIP 0 | PASS 108 ] ══ Failed tests ════════════════════════════════════════════════════════════════ ── Failure ('test_complexity.R:37:3'): img_complexity normalizes input image if necessary ── Expected `img_complexity(array(100:500, dim = c(50, 50, 3)))` to equal 0.1111398. Differences: 1/1 mismatches [1] 0.0915 - 0.111 == -0.0196 [ FAIL 1 | WARN 0 | SKIP 0 | PASS 108 ] Error: ! Test failures. Execution halted Flavor: r-devel-linux-x86_64-fedora-clang

Version: 0.2.5
Check: tests
Result: ERROR Running ‘testthat.R’ [13s/13s] Running the tests in ‘tests/testthat.R’ failed. Complete output: > library(testthat) > library(imagefluency) > > test_check("imagefluency") Saving _problems/test_complexity-37.R [ FAIL 1 | WARN 0 | SKIP 0 | PASS 108 ] ══ Failed tests ════════════════════════════════════════════════════════════════ ── Failure ('test_complexity.R:37:3'): img_complexity normalizes input image if necessary ── Expected `img_complexity(array(100:500, dim = c(50, 50, 3)))` to equal 0.1111398. Differences: 1/1 mismatches [1] 0.0981 - 0.111 == -0.0131 [ FAIL 1 | WARN 0 | SKIP 0 | PASS 108 ] Error: ! Test failures. Execution halted Flavor: r-devel-linux-x86_64-fedora-gcc