Last updated on 2025-11-04 10:53:33 CET.
| Flavor | Version | Tinstall | Tcheck | Ttotal | Status | Flags | 
|---|---|---|---|---|---|---|
| r-devel-linux-x86_64-debian-clang | 1.0.1 | 10.00 | 92.63 | 102.63 | NOTE | |
| r-devel-linux-x86_64-debian-gcc | 1.0.1 | 7.67 | 69.39 | 77.06 | NOTE | |
| r-devel-linux-x86_64-fedora-clang | 1.0.1 | 48.00 | 114.85 | 162.85 | OK | |
| r-devel-linux-x86_64-fedora-gcc | 1.0.1 | 18.00 | 144.20 | 162.20 | OK | |
| r-devel-windows-x86_64 | 1.0.1 | 13.00 | 110.00 | 123.00 | OK | |
| r-patched-linux-x86_64 | 1.0.1 | 8.54 | 89.33 | 97.87 | OK | |
| r-release-linux-x86_64 | 1.0.1 | 8.81 | 89.39 | 98.20 | OK | |
| r-release-macos-arm64 | 1.0.1 | 5.00 | 60.00 | 65.00 | OK | |
| r-release-macos-x86_64 | 1.0.1 | 8.00 | 96.00 | 104.00 | OK | |
| r-release-windows-x86_64 | 1.0.1 | 10.00 | 106.00 | 116.00 | OK | |
| r-oldrel-macos-arm64 | 1.0.1 | 4.00 | 53.00 | 57.00 | OK | |
| r-oldrel-macos-x86_64 | 1.0.1 | 12.00 | 107.00 | 119.00 | OK | |
| r-oldrel-windows-x86_64 | 1.0.1 | 14.00 | 134.00 | 148.00 | OK | 
Version: 1.0.1
Check: CRAN incoming feasibility
Result: NOTE
  Maintainer: ‘Paul C Boutros <pboutros@mednet.ucla.edu>’
  
  No Authors@R field in DESCRIPTION.
  Please add one, modifying
    Authors@R: c(person(given = "Natalie",
                        family = "Fox",
                        role = "aut"),
                 person(given = c("Paul", "C"),
                        family = "Boutros",
                        role = "cre",
                        email = "pboutros@mednet.ucla.edu"))
  as necessary.
Flavors: r-devel-linux-x86_64-debian-clang, r-devel-linux-x86_64-debian-gcc