CRAN Package Check Results for Package hydroToolkit

Last updated on 2025-11-25 11:51:51 CET.

Flavor Version Tinstall Tcheck Ttotal Status Flags
r-devel-linux-x86_64-debian-clang 0.1.0 16.89 149.19 166.08 NOTE
r-devel-linux-x86_64-debian-gcc 0.1.0 10.48 97.19 107.67 NOTE
r-devel-linux-x86_64-fedora-clang 0.1.0 42.00 213.60 255.60 OK
r-devel-linux-x86_64-fedora-gcc 0.1.0 41.00 197.98 238.98 OK
r-devel-windows-x86_64 0.1.0 22.00 149.00 171.00 OK
r-patched-linux-x86_64 0.1.0 18.02 142.56 160.58 OK
r-release-linux-x86_64 0.1.0 16.48 143.78 160.26 OK
r-release-macos-arm64 0.1.0 OK
r-release-macos-x86_64 0.1.0 16.00 126.00 142.00 OK
r-release-windows-x86_64 0.1.0 18.00 152.00 170.00 OK
r-oldrel-macos-arm64 0.1.0 NOTE
r-oldrel-macos-x86_64 0.1.0 10.00 107.00 117.00 NOTE
r-oldrel-windows-x86_64 0.1.0 25.00 197.00 222.00 NOTE

Check Details

Version: 0.1.0
Check: CRAN incoming feasibility
Result: NOTE Maintainer: ‘Ezequiel Toum <etoum@mendoza-conicet.gob.ar>’ No Authors@R field in DESCRIPTION. Please add one, modifying Authors@R: person(given = "Ezequiel", family = "Toum", role = c("aut", "cre"), email = "etoum@mendoza-conicet.gob.ar") as necessary. Flavors: r-devel-linux-x86_64-debian-clang, r-devel-linux-x86_64-debian-gcc

Version: 0.1.0
Check: installed package size
Result: NOTE installed size is 5.3Mb sub-directories of 1Mb or more: extdata 4.8Mb Flavors: r-oldrel-macos-arm64, r-oldrel-macos-x86_64, r-oldrel-windows-x86_64

Version: 0.1.0
Check: LazyData
Result: NOTE 'LazyData' is specified without a 'data' directory Flavors: r-oldrel-macos-arm64, r-oldrel-macos-x86_64, r-oldrel-windows-x86_64