CRAN Package Check Results for Package hwordcloud

Last updated on 2025-10-17 11:50:57 CEST.

Flavor Version Tinstall Tcheck Ttotal Status Flags
r-devel-linux-x86_64-debian-clang 0.1.0 2.54 27.86 30.40 OK
r-devel-linux-x86_64-debian-gcc 0.1.0 1.85 23.45 25.30 OK
r-devel-linux-x86_64-fedora-clang 0.1.0 48.61 NOTE
r-devel-linux-x86_64-fedora-gcc 0.1.0 55.93 NOTE
r-devel-windows-x86_64 0.1.0 5.00 46.00 51.00 OK
r-patched-linux-x86_64 0.1.0 2.39 26.71 29.10 OK
r-release-linux-x86_64 0.1.0 2.50 26.93 29.43 OK
r-release-macos-arm64 0.1.0 26.00 OK
r-release-macos-x86_64 0.1.0 42.00 OK
r-release-windows-x86_64 0.1.0 5.00 48.00 53.00 OK
r-oldrel-macos-arm64 0.1.0 25.00 NOTE
r-oldrel-macos-x86_64 0.1.0 50.00 NOTE
r-oldrel-windows-x86_64 0.1.0 5.00 54.00 59.00 NOTE

Check Details

Version: 0.1.0
Check: dependencies in R code
Result: NOTE Namespaces in Imports field not imported from: ‘colourpicker’ ‘shiny’ ‘wordcloud2’ All declared Imports should be used. Flavors: r-devel-linux-x86_64-fedora-clang, r-devel-linux-x86_64-fedora-gcc

Version: 0.1.0
Check: LazyData
Result: NOTE 'LazyData' is specified without a 'data' directory Flavors: r-oldrel-macos-arm64, r-oldrel-macos-x86_64, r-oldrel-windows-x86_64