Last updated on 2025-10-24 09:50:05 CEST.
| Flavor | Version | Tinstall | Tcheck | Ttotal | Status | Flags |
|---|---|---|---|---|---|---|
| r-devel-linux-x86_64-debian-clang | 0.2.0 | 2.70 | 32.11 | 34.81 | OK | |
| r-devel-linux-x86_64-debian-gcc | 0.2.0 | 2.12 | 24.41 | 26.53 | OK | |
| r-devel-linux-x86_64-fedora-clang | 0.2.0 | 50.42 | OK | |||
| r-devel-linux-x86_64-fedora-gcc | 0.2.0 | 59.55 | OK | |||
| r-devel-windows-x86_64 | 0.2.0 | 4.00 | 48.00 | 52.00 | OK | |
| r-patched-linux-x86_64 | 0.2.0 | 2.99 | 28.61 | 31.60 | OK | |
| r-release-linux-x86_64 | 0.2.0 | 2.70 | 29.04 | 31.74 | OK | |
| r-release-macos-arm64 | 0.2.0 | 2.00 | 30.00 | 32.00 | OK | |
| r-release-macos-x86_64 | 0.2.0 | 2.00 | 41.00 | 43.00 | OK | |
| r-release-windows-x86_64 | 0.2.0 | 4.00 | 49.00 | 53.00 | OK | |
| r-oldrel-macos-arm64 | 0.2.0 | 1.00 | 27.00 | 28.00 | NOTE | |
| r-oldrel-macos-x86_64 | 0.2.0 | 2.00 | 32.00 | 34.00 | NOTE | |
| r-oldrel-windows-x86_64 | 0.2.0 | 5.00 | 56.00 | 61.00 | NOTE |
Version: 0.2.0
Check: LazyData
Result: NOTE
'LazyData' is specified without a 'data' directory
Flavors: r-oldrel-macos-arm64, r-oldrel-macos-x86_64, r-oldrel-windows-x86_64