Last updated on 2025-10-21 09:48:35 CEST.
Flavor | Version | Tinstall | Tcheck | Ttotal | Status | Flags |
---|---|---|---|---|---|---|
r-devel-linux-x86_64-debian-clang | 0.5.2 | 4.48 | 150.32 | 154.80 | OK | |
r-devel-linux-x86_64-debian-gcc | 0.5.2 | 3.08 | 104.26 | 107.34 | NOTE | |
r-devel-linux-x86_64-fedora-clang | 0.5.2 | 231.30 | OK | |||
r-devel-linux-x86_64-fedora-gcc | 0.5.2 | 230.13 | OK | |||
r-devel-windows-x86_64 | 0.5.2 | 7.00 | 135.00 | 142.00 | OK | |
r-patched-linux-x86_64 | 0.5.2 | 4.27 | 140.05 | 144.32 | OK | |
r-release-linux-x86_64 | 0.5.2 | 4.14 | 141.26 | 145.40 | OK | |
r-release-macos-arm64 | 0.5.2 | 67.00 | OK | |||
r-release-macos-x86_64 | 0.5.2 | 145.00 | OK | |||
r-release-windows-x86_64 | 0.5.2 | 7.00 | 133.00 | 140.00 | OK | |
r-oldrel-macos-arm64 | 0.5.2 | 73.00 | OK | |||
r-oldrel-macos-x86_64 | 0.5.2 | 143.00 | OK | |||
r-oldrel-windows-x86_64 | 0.5.2 | 9.00 | 174.00 | 183.00 | OK |
Version: 0.5.2
Check: HTML version of manual
Result: NOTE
Found the following HTML validation problems:
hubeau.html:245:1 (hubeau.Rd:131): Warning: missing </ul> before </div>
Flavor: r-devel-linux-x86_64-debian-gcc