Last updated on 2025-11-26 09:51:18 CET.
| Flavor | Version | Tinstall | Tcheck | Ttotal | Status | Flags |
|---|---|---|---|---|---|---|
| r-devel-linux-x86_64-debian-clang | 1.0.0 | 7.76 | 43.85 | 51.61 | NOTE | |
| r-devel-linux-x86_64-debian-gcc | 1.0.0 | 5.56 | 34.13 | 39.69 | NOTE | |
| r-devel-linux-x86_64-fedora-clang | 1.0.0 | 19.00 | 58.27 | 77.27 | NOTE | |
| r-devel-linux-x86_64-fedora-gcc | 1.0.0 | 20.00 | 49.81 | 69.81 | NOTE | |
| r-devel-windows-x86_64 | 1.0.0 | 10.00 | 60.00 | 70.00 | NOTE | |
| r-patched-linux-x86_64 | 1.0.0 | 8.62 | 41.65 | 50.27 | NOTE | |
| r-release-linux-x86_64 | 1.0.0 | 7.49 | 40.67 | 48.16 | NOTE | |
| r-release-macos-arm64 | 1.0.0 | NOTE | ||||
| r-release-macos-x86_64 | 1.0.0 | 7.00 | 40.00 | 47.00 | NOTE | |
| r-release-windows-x86_64 | 1.0.0 | 9.00 | 70.00 | 79.00 | NOTE | |
| r-oldrel-macos-arm64 | 1.0.0 | OK | ||||
| r-oldrel-macos-x86_64 | 1.0.0 | 11.00 | 42.00 | 53.00 | OK | |
| r-oldrel-windows-x86_64 | 1.0.0 | 13.00 | 76.00 | 89.00 | OK |
Version: 1.0.0
Check: DESCRIPTION meta-information
Result: NOTE
Missing dependency on R >= 4.1.0 because package code uses the pipe
|> or function shorthand \(...) syntax added in R 4.1.0.
File(s) using such syntax:
‘predict.heckmange.R’
Flavors: r-devel-linux-x86_64-debian-clang, r-devel-linux-x86_64-debian-gcc, r-devel-linux-x86_64-fedora-clang, r-devel-linux-x86_64-fedora-gcc, r-devel-windows-x86_64, r-patched-linux-x86_64, r-release-linux-x86_64, r-release-macos-arm64, r-release-macos-x86_64, r-release-windows-x86_64