Last updated on 2025-10-30 09:49:51 CET.
| Flavor | Version | Tinstall | Tcheck | Ttotal | Status | Flags | 
|---|---|---|---|---|---|---|
| r-devel-linux-x86_64-debian-clang | 1.2.1 | 106.20 | 229.96 | 336.16 | NOTE | |
| r-devel-linux-x86_64-debian-gcc | 1.2.1 | 84.02 | 152.27 | 236.29 | NOTE | |
| r-devel-linux-x86_64-fedora-clang | 1.2.1 | 592.00 | -25.75 | 566.25 | NOTE | |
| r-devel-linux-x86_64-fedora-gcc | 1.2.1 | 255.00 | 257.40 | 512.40 | NOTE | |
| r-devel-windows-x86_64 | 1.2.1 | 138.00 | 209.00 | 347.00 | NOTE | |
| r-patched-linux-x86_64 | 1.2.1 | 121.64 | 218.80 | 340.44 | NOTE | |
| r-release-linux-x86_64 | 1.2.1 | 110.54 | 216.73 | 327.27 | NOTE | |
| r-release-macos-arm64 | 1.2.1 | 20.00 | 69.00 | 89.00 | NOTE | |
| r-release-macos-x86_64 | 1.2.1 | 45.00 | 156.00 | 201.00 | NOTE | |
| r-release-windows-x86_64 | 1.2.1 | 140.00 | 208.00 | 348.00 | NOTE | |
| r-oldrel-macos-arm64 | 1.2.1 | 21.00 | 73.00 | 94.00 | NOTE | |
| r-oldrel-macos-x86_64 | 1.2.1 | 55.00 | 181.00 | 236.00 | NOTE | |
| r-oldrel-windows-x86_64 | 1.2.1 | 182.00 | 276.00 | 458.00 | NOTE | 
Version: 1.2.1
Check: CRAN incoming feasibility
Result: NOTE
  Maintainer: ‘Woo-Young Ahn <wooyoung.ahn@gmail.com>’
  
  Package CITATION file contains call(s) to old-style personList() or
  as.personList().  Please use c() on person objects instead.
  Package CITATION file contains call(s) to old-style citEntry().  Please
  use bibentry() instead.
Flavors: r-devel-linux-x86_64-debian-clang, r-devel-linux-x86_64-debian-gcc
Version: 1.2.1
Check: C++ specification
Result: NOTE
    Specified C++14: please drop specification unless essential
Flavors: r-devel-linux-x86_64-debian-clang, r-devel-linux-x86_64-debian-gcc, r-devel-linux-x86_64-fedora-clang, r-devel-linux-x86_64-fedora-gcc, r-devel-windows-x86_64, r-patched-linux-x86_64, r-release-linux-x86_64, r-release-macos-arm64, r-release-macos-x86_64, r-release-windows-x86_64, r-oldrel-macos-arm64, r-oldrel-macos-x86_64, r-oldrel-windows-x86_64
Version: 1.2.1
Check: Rd files
Result: NOTE
  checkRd: (-1) alt_delta.Rd:74: Lost braces
      74 |   \item{model}{Character value that is the name of the model (\\code{"alt_delta"}).}
         |                                                                     ^
  checkRd: (-1) alt_gamma.Rd:74: Lost braces
      74 |   \item{model}{Character value that is the name of the model (\\code{"alt_gamma"}).}
         |                                                                     ^
  checkRd: (-1) bandit2arm_delta.Rd:74: Lost braces
      74 |   \item{model}{Character value that is the name of the model (\\code{"bandit2arm_delta"}).}
         |                                                                     ^
  checkRd: (-1) bandit4arm2_kalman_filter.Rd:74: Lost braces
      74 |   \item{model}{Character value that is the name of the model (\\code{"bandit4arm2_kalman_filter"}).}
         |                                                                     ^
  checkRd: (-1) bandit4arm_2par_lapse.Rd:74: Lost braces
      74 |   \item{model}{Character value that is the name of the model (\\code{"bandit4arm_2par_lapse"}).}
         |                                                                     ^
  checkRd: (-1) bandit4arm_4par.Rd:74: Lost braces
      74 |   \item{model}{Character value that is the name of the model (\\code{"bandit4arm_4par"}).}
         |                                                                     ^
  checkRd: (-1) bandit4arm_lapse.Rd:74: Lost braces
      74 |   \item{model}{Character value that is the name of the model (\\code{"bandit4arm_lapse"}).}
         |                                                                     ^
  checkRd: (-1) bandit4arm_lapse_decay.Rd:74: Lost braces
      74 |   \item{model}{Character value that is the name of the model (\\code{"bandit4arm_lapse_decay"}).}
         |                                                                     ^
  checkRd: (-1) bandit4arm_singleA_lapse.Rd:74: Lost braces
      74 |   \item{model}{Character value that is the name of the model (\\code{"bandit4arm_singleA_lapse"}).}
         |                                                                     ^
  checkRd: (-1) banditNarm_2par_lapse.Rd:85: Lost braces
      85 |   \item{model}{Character value that is the name of the model (\\code{"banditNarm_2par_lapse"}).}
         |                                                                     ^
  checkRd: (-1) banditNarm_4par.Rd:85: Lost braces
      85 |   \item{model}{Character value that is the name of the model (\\code{"banditNarm_4par"}).}
         |                                                                     ^
  checkRd: (-1) banditNarm_delta.Rd:85: Lost braces
      85 |   \item{model}{Character value that is the name of the model (\\code{"banditNarm_delta"}).}
         |                                                                     ^
  checkRd: (-1) banditNarm_kalman_filter.Rd:85: Lost braces
      85 |   \item{model}{Character value that is the name of the model (\\code{"banditNarm_kalman_filter"}).}
         |                                                                     ^
  checkRd: (-1) banditNarm_lapse.Rd:85: Lost braces
      85 |   \item{model}{Character value that is the name of the model (\\code{"banditNarm_lapse"}).}
         |                                                                     ^
  checkRd: (-1) banditNarm_lapse_decay.Rd:85: Lost braces
      85 |   \item{model}{Character value that is the name of the model (\\code{"banditNarm_lapse_decay"}).}
         |                                                                     ^
  checkRd: (-1) banditNarm_singleA_lapse.Rd:85: Lost braces
      85 |   \item{model}{Character value that is the name of the model (\\code{"banditNarm_singleA_lapse"}).}
         |                                                                     ^
  checkRd: (-1) bart_ewmv.Rd:74: Lost braces
      74 |   \item{model}{Character value that is the name of the model (\\code{"bart_ewmv"}).}
         |                                                                     ^
  checkRd: (-1) bart_par4.Rd:74: Lost braces
      74 |   \item{model}{Character value that is the name of the model (\\code{"bart_par4"}).}
         |                                                                     ^
  checkRd: (-1) cgt_cm.Rd:74: Lost braces
      74 |   \item{model}{Character value that is the name of the model (\\code{"cgt_cm"}).}
         |                                                                     ^
  checkRd: (-1) choiceRT_ddm.Rd:85: Lost braces
      85 |   \item{model}{Character value that is the name of the model (\\code{"choiceRT_ddm"}).}
         |                                                                     ^
  checkRd: (-1) choiceRT_ddm_single.Rd:85: Lost braces
      85 |   \item{model}{Character value that is the name of the model (\\code{"choiceRT_ddm_single"}).}
         |                                                                     ^
  checkRd: (-1) cra_exp.Rd:74: Lost braces
      74 |   \item{model}{Character value that is the name of the model (\\code{"cra_exp"}).}
         |                                                                     ^
  checkRd: (-1) cra_linear.Rd:74: Lost braces
      74 |   \item{model}{Character value that is the name of the model (\\code{"cra_linear"}).}
         |                                                                     ^
  checkRd: (-1) dbdm_prob_weight.Rd:74: Lost braces
      74 |   \item{model}{Character value that is the name of the model (\\code{"dbdm_prob_weight"}).}
         |                                                                     ^
  checkRd: (-1) dd_cs.Rd:74: Lost braces
      74 |   \item{model}{Character value that is the name of the model (\\code{"dd_cs"}).}
         |                                                                     ^
  checkRd: (-1) dd_cs_single.Rd:74: Lost braces
      74 |   \item{model}{Character value that is the name of the model (\\code{"dd_cs_single"}).}
         |                                                                     ^
  checkRd: (-1) dd_exp.Rd:74: Lost braces
      74 |   \item{model}{Character value that is the name of the model (\\code{"dd_exp"}).}
         |                                                                     ^
  checkRd: (-1) dd_hyperbolic.Rd:74: Lost braces
      74 |   \item{model}{Character value that is the name of the model (\\code{"dd_hyperbolic"}).}
         |                                                                     ^
  checkRd: (-1) dd_hyperbolic_single.Rd:74: Lost braces
      74 |   \item{model}{Character value that is the name of the model (\\code{"dd_hyperbolic_single"}).}
         |                                                                     ^
  checkRd: (-1) gng_m1.Rd:74: Lost braces
      74 |   \item{model}{Character value that is the name of the model (\\code{"gng_m1"}).}
         |                                                                     ^
  checkRd: (-1) gng_m2.Rd:74: Lost braces
      74 |   \item{model}{Character value that is the name of the model (\\code{"gng_m2"}).}
         |                                                                     ^
  checkRd: (-1) gng_m3.Rd:74: Lost braces
      74 |   \item{model}{Character value that is the name of the model (\\code{"gng_m3"}).}
         |                                                                     ^
  checkRd: (-1) gng_m4.Rd:74: Lost braces
      74 |   \item{model}{Character value that is the name of the model (\\code{"gng_m4"}).}
         |                                                                     ^
  checkRd: (-1) igt_orl.Rd:85: Lost braces
      85 |   \item{model}{Character value that is the name of the model (\\code{"igt_orl"}).}
         |                                                                     ^
  checkRd: (-1) igt_pvl_decay.Rd:85: Lost braces
      85 |   \item{model}{Character value that is the name of the model (\\code{"igt_pvl_decay"}).}
         |                                                                     ^
  checkRd: (-1) igt_pvl_delta.Rd:85: Lost braces
      85 |   \item{model}{Character value that is the name of the model (\\code{"igt_pvl_delta"}).}
         |                                                                     ^
  checkRd: (-1) igt_vpp.Rd:85: Lost braces
      85 |   \item{model}{Character value that is the name of the model (\\code{"igt_vpp"}).}
         |                                                                     ^
  checkRd: (-1) peer_ocu.Rd:74: Lost braces
      74 |   \item{model}{Character value that is the name of the model (\\code{"peer_ocu"}).}
         |                                                                     ^
  checkRd: (-1) prl_ewa.Rd:74: Lost braces
      74 |   \item{model}{Character value that is the name of the model (\\code{"prl_ewa"}).}
         |                                                                     ^
  checkRd: (-1) prl_fictitious.Rd:74: Lost braces
      74 |   \item{model}{Character value that is the name of the model (\\code{"prl_fictitious"}).}
         |                                                                     ^
  checkRd: (-1) prl_fictitious_multipleB.Rd:74: Lost braces
      74 |   \item{model}{Character value that is the name of the model (\\code{"prl_fictitious_multipleB"}).}
         |                                                                     ^
  checkRd: (-1) prl_fictitious_rp.Rd:74: Lost braces
      74 |   \item{model}{Character value that is the name of the model (\\code{"prl_fictitious_rp"}).}
         |                                                                     ^
  checkRd: (-1) prl_fictitious_rp_woa.Rd:74: Lost braces
      74 |   \item{model}{Character value that is the name of the model (\\code{"prl_fictitious_rp_woa"}).}
         |                                                                     ^
  checkRd: (-1) prl_fictitious_woa.Rd:74: Lost braces
      74 |   \item{model}{Character value that is the name of the model (\\code{"prl_fictitious_woa"}).}
         |                                                                     ^
  checkRd: (-1) prl_rp.Rd:74: Lost braces
      74 |   \item{model}{Character value that is the name of the model (\\code{"prl_rp"}).}
         |                                                                     ^
  checkRd: (-1) prl_rp_multipleB.Rd:74: Lost braces
      74 |   \item{model}{Character value that is the name of the model (\\code{"prl_rp_multipleB"}).}
         |                                                                     ^
  checkRd: (-1) pstRT_ddm.Rd:85: Lost braces
      85 |   \item{model}{Character value that is the name of the model (\\code{"pstRT_ddm"}).}
         |                                                                     ^
  checkRd: (-1) pstRT_rlddm1.Rd:85: Lost braces
      85 |   \item{model}{Character value that is the name of the model (\\code{"pstRT_rlddm1"}).}
         |                                                                     ^
  checkRd: (-1) pstRT_rlddm6.Rd:85: Lost braces
      85 |   \item{model}{Character value that is the name of the model (\\code{"pstRT_rlddm6"}).}
         |                                                                     ^
  checkRd: (-1) pst_Q.Rd:74: Lost braces
      74 |   \item{model}{Character value that is the name of the model (\\code{"pst_Q"}).}
         |                                                                     ^
  checkRd: (-1) pst_gainloss_Q.Rd:74: Lost braces
      74 |   \item{model}{Character value that is the name of the model (\\code{"pst_gainloss_Q"}).}
         |                                                                     ^
  checkRd: (-1) ra_noLA.Rd:74: Lost braces
      74 |   \item{model}{Character value that is the name of the model (\\code{"ra_noLA"}).}
         |                                                                     ^
  checkRd: (-1) ra_noRA.Rd:74: Lost braces
      74 |   \item{model}{Character value that is the name of the model (\\code{"ra_noRA"}).}
         |                                                                     ^
  checkRd: (-1) ra_prospect.Rd:74: Lost braces
      74 |   \item{model}{Character value that is the name of the model (\\code{"ra_prospect"}).}
         |                                                                     ^
  checkRd: (-1) rdt_happiness.Rd:74: Lost braces
      74 |   \item{model}{Character value that is the name of the model (\\code{"rdt_happiness"}).}
         |                                                                     ^
  checkRd: (-1) task2AFC_sdt.Rd:74: Lost braces
      74 |   \item{model}{Character value that is the name of the model (\\code{"task2AFC_sdt"}).}
         |                                                                     ^
  checkRd: (-1) ts_par4.Rd:85: Lost braces
      85 |   \item{model}{Character value that is the name of the model (\\code{"ts_par4"}).}
         |                                                                     ^
  checkRd: (-1) ts_par6.Rd:85: Lost braces
      85 |   \item{model}{Character value that is the name of the model (\\code{"ts_par6"}).}
         |                                                                     ^
  checkRd: (-1) ts_par7.Rd:85: Lost braces
      85 |   \item{model}{Character value that is the name of the model (\\code{"ts_par7"}).}
         |                                                                     ^
  checkRd: (-1) ug_bayes.Rd:74: Lost braces
      74 |   \item{model}{Character value that is the name of the model (\\code{"ug_bayes"}).}
         |                                                                     ^
  checkRd: (-1) ug_delta.Rd:74: Lost braces
      74 |   \item{model}{Character value that is the name of the model (\\code{"ug_delta"}).}
         |                                                                     ^
  checkRd: (-1) wcs_sql.Rd:74: Lost braces
      74 |   \item{model}{Character value that is the name of the model (\\code{"wcs_sql"}).}
         |                                                                     ^
Flavors: r-devel-linux-x86_64-debian-clang, r-devel-linux-x86_64-debian-gcc, r-devel-linux-x86_64-fedora-clang, r-devel-linux-x86_64-fedora-gcc, r-devel-windows-x86_64, r-patched-linux-x86_64, r-release-linux-x86_64, r-release-macos-arm64, r-release-macos-x86_64, r-release-windows-x86_64, r-oldrel-macos-arm64, r-oldrel-macos-x86_64, r-oldrel-windows-x86_64
Version: 1.2.1
Check: installed package size
Result: NOTE
    installed size is  5.6Mb
    sub-directories of 1Mb or more:
      R         3.1Mb
      extdata   1.3Mb
Flavors: r-oldrel-macos-arm64, r-oldrel-macos-x86_64, r-oldrel-windows-x86_64
Version: 1.2.1
Check: for GNU extensions in Makefiles
Result: NOTE
  GNU make is a SystemRequirements.
Flavors: r-oldrel-macos-arm64, r-oldrel-macos-x86_64, r-oldrel-windows-x86_64