Last updated on 2025-10-26 10:49:53 CET.
| Flavor | Version | Tinstall | Tcheck | Ttotal | Status | Flags |
|---|---|---|---|---|---|---|
| r-devel-linux-x86_64-debian-clang | 0.3.0 | 13.51 | 106.53 | 120.04 | NOTE | |
| r-devel-linux-x86_64-debian-gcc | 0.3.0 | 9.40 | 72.58 | 81.98 | NOTE | |
| r-devel-linux-x86_64-fedora-clang | 0.3.0 | 96.00 | 104.35 | 200.35 | NOTE | |
| r-devel-linux-x86_64-fedora-gcc | 0.3.0 | 67.00 | 124.24 | 191.24 | NOTE | |
| r-devel-windows-x86_64 | 0.3.0 | 16.00 | 109.00 | 125.00 | NOTE | |
| r-patched-linux-x86_64 | 0.3.0 | 14.68 | 97.50 | 112.18 | NOTE | |
| r-release-linux-x86_64 | 0.3.0 | 14.21 | 97.80 | 112.01 | NOTE | |
| r-release-macos-arm64 | 0.3.0 | 6.00 | 39.00 | 45.00 | NOTE | |
| r-release-macos-x86_64 | 0.3.0 | 11.00 | 76.00 | 87.00 | NOTE | |
| r-release-windows-x86_64 | 0.3.0 | 16.00 | 114.00 | 130.00 | NOTE | |
| r-oldrel-macos-arm64 | 0.3.0 | 6.00 | 39.00 | 45.00 | OK | |
| r-oldrel-macos-x86_64 | 0.3.0 | 18.00 | 96.00 | 114.00 | OK | |
| r-oldrel-windows-x86_64 | 0.3.0 | 23.00 | 142.00 | 165.00 | OK |
Version: 0.3.0
Check: DESCRIPTION meta-information
Result: NOTE
Missing dependency on R >= 4.1.0 because package code uses the pipe
|> or function shorthand \(...) syntax added in R 4.1.0.
File(s) using such syntax:
‘plot.R’
Flavors: r-devel-linux-x86_64-debian-clang, r-devel-linux-x86_64-debian-gcc, r-devel-linux-x86_64-fedora-clang, r-devel-linux-x86_64-fedora-gcc, r-devel-windows-x86_64, r-patched-linux-x86_64, r-release-linux-x86_64, r-release-macos-arm64, r-release-macos-x86_64, r-release-windows-x86_64