Last updated on 2025-11-16 09:49:29 CET.
| Flavor | Version | Tinstall | Tcheck | Ttotal | Status | Flags |
|---|---|---|---|---|---|---|
| r-devel-linux-x86_64-debian-clang | 0.1-4 | 12.86 | 40.28 | 53.14 | NOTE | |
| r-devel-linux-x86_64-debian-gcc | 0.1-4 | 8.59 | 31.83 | 40.42 | NOTE | |
| r-devel-linux-x86_64-fedora-clang | 0.1-4 | 57.00 | 35.32 | 92.32 | OK | |
| r-devel-linux-x86_64-fedora-gcc | 0.1-4 | 30.00 | 63.25 | 93.25 | OK | |
| r-devel-windows-x86_64 | 0.1-4 | 20.00 | 72.00 | 92.00 | OK | |
| r-patched-linux-x86_64 | 0.1-4 | 13.08 | 37.59 | 50.67 | OK | |
| r-release-linux-x86_64 | 0.1-4 | 12.59 | 37.53 | 50.12 | OK | |
| r-release-macos-arm64 | 0.1-4 | 6.00 | 29.00 | 35.00 | OK | |
| r-release-macos-x86_64 | 0.1-4 | 9.00 | 51.00 | 60.00 | OK | |
| r-release-windows-x86_64 | 0.1-4 | 15.00 | 75.00 | 90.00 | OK | |
| r-oldrel-macos-arm64 | 0.1-4 | 5.00 | 26.00 | 31.00 | OK | |
| r-oldrel-macos-x86_64 | 0.1-4 | 7.00 | 40.00 | 47.00 | OK | |
| r-oldrel-windows-x86_64 | 0.1-4 | 18.00 | 90.00 | 108.00 | OK |
Version: 0.1-4
Check: CRAN incoming feasibility
Result: NOTE
Maintainer: ‘Tobias Mütze <tobias.muetze@outlook.com>’
Package CITATION file contains call(s) to old-style personList() or
as.personList(). Please use c() on person objects instead.
Package CITATION file contains call(s) to old-style citEntry(). Please
use bibentry() instead.
Flavors: r-devel-linux-x86_64-debian-clang, r-devel-linux-x86_64-debian-gcc