Last updated on 2025-11-11 10:50:02 CET.
| Flavor | Version | Tinstall | Tcheck | Ttotal | Status | Flags |
|---|---|---|---|---|---|---|
| r-devel-linux-x86_64-debian-clang | 1.5 | 10.20 | 29.51 | 39.71 | NOTE | |
| r-devel-linux-x86_64-debian-gcc | 1.5 | 7.08 | 24.25 | 31.33 | NOTE | |
| r-devel-linux-x86_64-fedora-clang | 1.5 | 44.00 | 26.44 | 70.44 | OK | |
| r-devel-linux-x86_64-fedora-gcc | 1.5 | 24.00 | 56.17 | 80.17 | OK | |
| r-devel-windows-x86_64 | 1.5 | 13.00 | 64.00 | 77.00 | OK | |
| r-patched-linux-x86_64 | 1.5 | 10.01 | 28.78 | 38.79 | OK | |
| r-release-linux-x86_64 | 1.5 | 10.37 | 28.33 | 38.70 | OK | |
| r-release-macos-arm64 | 1.5 | 5.00 | 41.00 | 46.00 | OK | |
| r-release-macos-x86_64 | 1.5 | 8.00 | 50.00 | 58.00 | OK | |
| r-release-windows-x86_64 | 1.5 | 13.00 | 62.00 | 75.00 | OK | |
| r-oldrel-macos-arm64 | 1.5 | 6.00 | 25.00 | 31.00 | OK | |
| r-oldrel-macos-x86_64 | 1.5 | 11.00 | 55.00 | 66.00 | OK | |
| r-oldrel-windows-x86_64 | 1.5 | 13.00 | 76.00 | 89.00 | OK |
Version: 1.5
Check: CRAN incoming feasibility
Result: NOTE
Maintainer: ‘Daniel Greene <dg333@cam.ac.uk>’
No Authors@R field in DESCRIPTION.
Please add one, modifying
Authors@R: person(given = "Daniel",
family = "Greene",
role = c("aut", "cre"),
email = "dg333@cam.ac.uk")
as necessary.
Flavors: r-devel-linux-x86_64-debian-clang, r-devel-linux-x86_64-debian-gcc